CRAN Package Check Results for Package socialmixr

Last updated on 2024-07-15 22:54:53 CEST.

Flavor Version Tinstall Tcheck Ttotal Status Flags
r-devel-linux-x86_64-debian-clang 0.3.2 12.80 149.51 162.31 OK
r-devel-linux-x86_64-debian-gcc 0.3.2 7.66 110.88 118.54 OK
r-devel-linux-x86_64-fedora-clang 0.3.2 203.72 OK
r-devel-linux-x86_64-fedora-gcc 0.3.2 199.63 OK
r-devel-windows-x86_64 0.3.2 11.00 143.00 154.00 NOTE
r-patched-linux-x86_64 0.3.2 15.58 144.32 159.90 OK
r-release-linux-x86_64 0.3.2 9.16 140.53 149.69 OK
r-release-macos-arm64 0.3.2 62.00 OK
r-release-macos-x86_64 0.3.2 95.00 OK
r-release-windows-x86_64 0.3.2 10.00 141.00 151.00 OK
r-oldrel-macos-arm64 0.3.2 63.00 OK
r-oldrel-macos-x86_64 0.3.2 121.00 OK
r-oldrel-windows-x86_64 0.3.2 13.00 166.00 179.00 OK

Check Details

Version: 0.3.2
Check: Rd cross-references
Result: NOTE Found the following Rd file(s) with Rd \link{} targets missing package anchors: matrix_plot.Rd: image.plot Please provide package anchors for all Rd \link{} targets not in the package itself and the base packages. Flavor: r-devel-windows-x86_64