CRAN Package Check Results for Package sodium

Last updated on 2020-02-22 22:48:01 CET.

Flavor Version Tinstall Tcheck Ttotal Status Flags
r-devel-linux-x86_64-debian-clang 1.1 4.90 23.80 28.70 OK
r-devel-linux-x86_64-debian-gcc 1.1 3.10 19.37 22.47 OK
r-devel-linux-x86_64-fedora-clang 1.1 38.37 NOTE
r-devel-linux-x86_64-fedora-gcc 1.1 36.23 NOTE
r-devel-windows-ix86+x86_64 1.1 24.00 56.00 80.00 OK
r-devel-windows-ix86+x86_64-gcc8 1.1 28.00 47.00 75.00 OK
r-patched-linux-x86_64 1.1 OK
r-patched-solaris-x86 1.1 48.90 OK
r-release-linux-x86_64 1.1 3.30 22.36 25.66 OK
r-release-windows-ix86+x86_64 1.1 25.00 48.00 73.00 OK
r-release-osx-x86_64 1.1 OK
r-oldrel-windows-ix86+x86_64 1.1 39.00 43.00 82.00 OK
r-oldrel-osx-x86_64 1.1 OK

Check Details

Version: 1.1
Check: top-level files
Result: NOTE
    ‘configure’: /bin/bash is not portable
Flavors: r-devel-linux-x86_64-fedora-clang, r-devel-linux-x86_64-fedora-gcc