CRAN Package Check Results for Package soilcarbon

Last updated on 2020-07-11 22:50:16 CEST.

Flavor Version Tinstall Tcheck Ttotal Status Flags
r-devel-linux-x86_64-debian-clang 1.2.0 10.71 78.29 89.00 NOTE
r-devel-linux-x86_64-debian-gcc 1.2.0 8.49 59.70 68.19 NOTE
r-devel-linux-x86_64-fedora-gcc 1.2.0 109.76 NOTE
r-devel-windows-ix86+x86_64 1.2.0 26.00 155.00 181.00 NOTE
r-patched-linux-x86_64 1.2.0 11.02 77.00 88.02 NOTE
r-patched-solaris-x86 1.2.0 155.80 NOTE
r-release-linux-x86_64 1.2.0 11.69 77.98 89.67 NOTE
r-release-macos-x86_64 1.2.0 NOTE
r-release-windows-ix86+x86_64 1.2.0 37.00 90.00 127.00 NOTE
r-oldrel-macos-x86_64 1.2.0 NOTE
r-oldrel-windows-ix86+x86_64 1.2.0 23.00 92.00 115.00 NOTE

Check Details

Version: 1.2.0
Check: R code for possible problems
Result: NOTE
    compileDatabase: no visible global function definition for 'use_data'
    Undefined global functions or variables:
     use_data
Flavors: r-devel-linux-x86_64-debian-clang, r-devel-linux-x86_64-debian-gcc, r-devel-linux-x86_64-fedora-gcc, r-devel-windows-ix86+x86_64, r-patched-linux-x86_64, r-patched-solaris-x86, r-release-linux-x86_64, r-release-macos-x86_64, r-release-windows-ix86+x86_64, r-oldrel-windows-ix86+x86_64

Version: 1.2.0
Check: data for non-ASCII characters
Result: NOTE
     Note: found 145 marked UTF-8 strings
Flavors: r-devel-linux-x86_64-fedora-gcc, r-patched-solaris-x86, r-release-macos-x86_64, r-oldrel-macos-x86_64