CRAN Package Check Results for Package soilcarbon

Last updated on 2019-06-16 22:49:41 CEST.

Flavor Version Tinstall Tcheck Ttotal Status Flags
r-devel-linux-x86_64-debian-clang 1.2.0 7.89 63.71 71.60 OK
r-devel-linux-x86_64-debian-gcc 1.2.0 7.43 48.72 56.15 OK
r-devel-linux-x86_64-fedora-clang 1.2.0 92.18 NOTE
r-devel-linux-x86_64-fedora-gcc 1.2.0 87.23 NOTE
r-devel-windows-ix86+x86_64 1.2.0 29.00 119.00 148.00 OK
r-patched-linux-x86_64 1.2.0 7.63 62.97 70.60 OK
r-patched-solaris-x86 1.2.0 132.60 NOTE
r-release-linux-x86_64 1.2.0 8.32 62.25 70.57 OK
r-release-windows-ix86+x86_64 1.2.0 20.00 118.00 138.00 OK
r-release-osx-x86_64 1.2.0 NOTE
r-oldrel-windows-ix86+x86_64 1.2.0 16.00 124.00 140.00 OK
r-oldrel-osx-x86_64 1.2.0 NOTE

Check Details

Version: 1.2.0
Check: data for non-ASCII characters
Result: NOTE
     Note: found 145 marked UTF-8 strings
Flavors: r-devel-linux-x86_64-fedora-clang, r-devel-linux-x86_64-fedora-gcc, r-patched-solaris-x86, r-release-osx-x86_64, r-oldrel-osx-x86_64