CRAN Package Check Results for Package soilcarbon

Last updated on 2019-08-21 22:48:51 CEST.

Flavor Version Tinstall Tcheck Ttotal Status Flags
r-devel-linux-x86_64-debian-clang 1.2.0 9.21 64.50 73.71 NOTE
r-devel-linux-x86_64-debian-gcc 1.2.0 NOTE
r-devel-linux-x86_64-fedora-clang 1.2.0 88.72 NOTE
r-devel-linux-x86_64-fedora-gcc 1.2.0 95.58 NOTE
r-devel-windows-ix86+x86_64 1.2.0 31.00 87.00 118.00 NOTE
r-patched-linux-x86_64 1.2.0 8.02 62.28 70.30 NOTE
r-patched-solaris-x86 1.2.0 132.00 NOTE
r-release-linux-x86_64 1.2.0 9.21 62.76 71.97 NOTE
r-release-windows-ix86+x86_64 1.2.0 20.00 77.00 97.00 NOTE
r-release-osx-x86_64 1.2.0 NOTE
r-oldrel-windows-ix86+x86_64 1.2.0 18.00 73.00 91.00 NOTE
r-oldrel-osx-x86_64 1.2.0 NOTE

Check Details

Version: 1.2.0
Check: R code for possible problems
Result: NOTE
    compileDatabase: no visible global function definition for 'use_data'
    Undefined global functions or variables:
     use_data
Flavors: r-devel-linux-x86_64-debian-clang, r-devel-linux-x86_64-debian-gcc, r-devel-linux-x86_64-fedora-clang, r-devel-linux-x86_64-fedora-gcc, r-devel-windows-ix86+x86_64, r-patched-linux-x86_64, r-patched-solaris-x86, r-release-linux-x86_64, r-release-windows-ix86+x86_64, r-oldrel-windows-ix86+x86_64

Version: 1.2.0
Check: data for non-ASCII characters
Result: NOTE
     Note: found 145 marked UTF-8 strings
Flavors: r-devel-linux-x86_64-fedora-clang, r-devel-linux-x86_64-fedora-gcc, r-patched-solaris-x86, r-release-osx-x86_64, r-oldrel-osx-x86_64