CRAN Package Check Results for Package solaR

Last updated on 2018-06-20 22:49:36 CEST.

Flavor Version Tinstall Tcheck Ttotal Status Flags
r-devel-linux-x86_64-debian-clang 0.44 7.51 66.62 74.13 OK
r-devel-linux-x86_64-debian-gcc 0.44 7.03 51.02 58.05 OK
r-devel-linux-x86_64-fedora-clang 0.44 88.18 OK
r-devel-linux-x86_64-fedora-gcc 0.44 85.30 OK
r-devel-windows-ix86+x86_64 0.44 17.00 149.00 166.00 OK
r-patched-linux-x86_64 0.44 7.15 63.76 70.91 OK
r-patched-solaris-x86 0.44 123.80 OK
r-release-linux-x86_64 0.44 7.93 63.49 71.42 OK
r-release-windows-ix86+x86_64 0.44 11.00 138.00 149.00 OK
r-release-osx-x86_64 0.44 OK
r-oldrel-windows-ix86+x86_64 0.44 11.00 110.00 121.00 OK
r-oldrel-osx-x86_64 0.44 NOTE

Check Details

Version: 0.44
Check: package dependencies
Result: NOTE
    Package suggested but not available for checking: ‘meteoForecast’
Flavor: r-oldrel-osx-x86_64