CRAN Package Check Results for Package solaR

Last updated on 2017-11-21 22:48:36 CET.

Flavor Version Tinstall Tcheck Ttotal Status Flags
r-devel-linux-x86_64-debian-clang 0.44 1.96 47.44 49.40 OK
r-devel-linux-x86_64-debian-gcc 0.44 2.16 100.73 102.89 OK
r-devel-linux-x86_64-fedora-clang 0.44 85.00 OK
r-devel-linux-x86_64-fedora-gcc 0.44 123.35 OK
r-devel-windows-ix86+x86_64 0.44 8.00 96.00 104.00 OK
r-patched-linux-x86_64 0.44 2.05 47.43 49.48 OK
r-patched-solaris-x86 0.44 109.80 OK
r-release-linux-x86_64 0.44 2.14 47.73 49.87 OK
r-release-windows-ix86+x86_64 0.44 7.00 103.00 110.00 OK
r-release-osx-x86_64 0.44 NOTE
r-oldrel-windows-ix86+x86_64 0.44 6.00 126.00 132.00 OK
r-oldrel-osx-x86_64 0.44 OK

Check Details

Version: 0.44
Check: package dependencies
Result: NOTE
    Package suggested but not available for checking: ‘meteoForecast’
Flavor: r-release-osx-x86_64