CRAN Package Check Results for Package solaR

Last updated on 2018-09-23 22:47:15 CEST.

Flavor Version Tinstall Tcheck Ttotal Status Flags
r-devel-linux-x86_64-debian-clang 0.44 6.40 65.92 72.32 OK
r-devel-linux-x86_64-debian-gcc 0.44 7.22 51.96 59.18 OK
r-devel-linux-x86_64-fedora-clang 0.44 87.56 OK
r-devel-linux-x86_64-fedora-gcc 0.44 84.82 OK
r-devel-windows-ix86+x86_64 0.44 17.00 130.00 147.00 OK
r-patched-linux-x86_64 0.44 6.14 63.13 69.27 OK
r-patched-solaris-x86 0.44 119.70 OK
r-release-linux-x86_64 0.44 6.98 63.13 70.11 OK
r-release-windows-ix86+x86_64 0.44 11.00 120.00 131.00 OK
r-release-osx-x86_64 0.44 OK
r-oldrel-windows-ix86+x86_64 0.44 7.00 138.00 145.00 OK
r-oldrel-osx-x86_64 0.44 NOTE

Check Details

Version: 0.44
Check: package dependencies
Result: NOTE
    Package suggested but not available for checking: ‘meteoForecast’
Flavor: r-oldrel-osx-x86_64