Last updated on 2024-03-18 22:03:25 CET.
Flavor | Version | Tinstall | Tcheck | Ttotal | Status | Flags |
---|---|---|---|---|---|---|
r-devel-linux-x86_64-debian-clang | 1.2.0 | 9.41 | 81.70 | 91.11 | NOTE | |
r-devel-linux-x86_64-debian-gcc | 1.2.0 | 8.04 | 61.95 | 69.99 | NOTE | |
r-devel-linux-x86_64-fedora-clang | 1.2.0 | 113.19 | NOTE | |||
r-devel-linux-x86_64-fedora-gcc | 1.2.0 | 122.57 | NOTE | |||
r-devel-windows-x86_64 | 1.2.0 | 10.00 | 120.00 | 130.00 | NOTE | |
r-patched-linux-x86_64 | 1.2.0 | 12.35 | 78.91 | 91.26 | OK | |
r-release-linux-x86_64 | 1.2.0 | 8.24 | 78.50 | 86.74 | OK | |
r-release-macos-arm64 | 1.2.0 | 48.00 | OK | |||
r-release-macos-x86_64 | 1.2.0 | 69.00 | OK | |||
r-release-windows-x86_64 | 1.2.0 | 12.00 | 131.00 | 143.00 | OK | |
r-oldrel-macos-arm64 | 1.2.0 | 36.00 | OK | |||
r-oldrel-windows-x86_64 | 1.2.0 | 13.00 | 124.00 | 137.00 | OK |
Version: 1.2.0
Check: Rd files
Result: NOTE
checkRd: (-1) solr_mlt.Rd:70: Lost braces; missing escapes or markup?
70 | TermVector DEFAULT_FIELD_NAMES = new String[] {"contents"}
| ^
Flavors: r-devel-linux-x86_64-debian-clang, r-devel-linux-x86_64-debian-gcc, r-devel-linux-x86_64-fedora-clang, r-devel-linux-x86_64-fedora-gcc, r-devel-windows-x86_64
Version: 1.2.0
Check: Rd cross-references
Result: NOTE
Undeclared package ‘XML’ in Rd xrefs
Flavor: r-devel-linux-x86_64-fedora-clang