CRAN Package Check Results for Package som

Last updated on 2018-01-18 22:47:48 CET.

Flavor Version Tinstall Tcheck Ttotal Status Flags
r-devel-linux-x86_64-debian-clang 0.3-5.1 2.67 19.79 22.46 NOTE
r-devel-linux-x86_64-debian-gcc 0.3-5.1 1.93 16.33 18.26 NOTE
r-devel-linux-x86_64-fedora-clang 0.3-5.1 29.71 NOTE
r-devel-linux-x86_64-fedora-gcc 0.3-5.1 26.79 NOTE
r-devel-windows-ix86+x86_64 0.3-5.1 8.00 53.00 61.00 OK
r-patched-linux-x86_64 0.3-5.1 2.26 20.00 22.26 NOTE
r-patched-solaris-x86 0.3-5.1 44.70 OK
r-release-linux-x86_64 0.3-5.1 2.68 19.95 22.63 NOTE
r-release-windows-ix86+x86_64 0.3-5.1 9.00 43.00 52.00 OK
r-release-osx-x86_64 0.3-5.1 OK
r-oldrel-windows-ix86+x86_64 0.3-5.1 9.00 33.00 42.00 OK
r-oldrel-osx-x86_64 0.3-5.1 OK

Check Details

Version: 0.3-5.1
Check: compiled code
Result: NOTE
    File ‘som/libs/som.so’:
     Found no calls to: ‘R_registerRoutines’, ‘R_useDynamicSymbols’
    
    It is good practice to register native routines and to disable symbol
    search.
    
    See ‘Writing portable packages’ in the ‘Writing R Extensions’ manual.
Flavors: r-devel-linux-x86_64-debian-clang, r-devel-linux-x86_64-debian-gcc, r-devel-linux-x86_64-fedora-clang, r-devel-linux-x86_64-fedora-gcc, r-patched-linux-x86_64, r-release-linux-x86_64