CRAN Package Check Results for Package som

Last updated on 2018-10-17 22:52:08 CEST.

Flavor Version Tinstall Tcheck Ttotal Status Flags
r-devel-linux-x86_64-debian-clang 0.3-5.1 3.84 21.73 25.57 OK
r-devel-linux-x86_64-debian-gcc 0.3-5.1 2.52 17.00 19.52 OK
r-devel-linux-x86_64-fedora-clang 0.3-5.1 31.10 NOTE
r-devel-linux-x86_64-fedora-gcc 0.3-5.1 27.78 NOTE
r-devel-windows-ix86+x86_64 0.3-5.1 12.00 45.00 57.00 OK
r-patched-linux-x86_64 0.3-5.1 2.89 19.75 22.64 OK
r-patched-solaris-x86 0.3-5.1 46.70 OK
r-release-linux-x86_64 0.3-5.1 3.54 19.83 23.37 OK
r-release-windows-ix86+x86_64 0.3-5.1 12.00 43.00 55.00 OK
r-release-osx-x86_64 0.3-5.1 OK
r-oldrel-windows-ix86+x86_64 0.3-5.1 9.00 43.00 52.00 OK
r-oldrel-osx-x86_64 0.3-5.1 OK

Check Details

Version: 0.3-5.1
Check: compiled code
Result: NOTE
    File ‘som/libs/som.so’:
     Found no calls to: ‘R_registerRoutines’, ‘R_useDynamicSymbols’
    
    It is good practice to register native routines and to disable symbol
    search.
    
    See ‘Writing portable packages’ in the ‘Writing R Extensions’ manual.
Flavors: r-devel-linux-x86_64-fedora-clang, r-devel-linux-x86_64-fedora-gcc