CRAN Package Check Results for Package som

Last updated on 2018-04-21 22:48:40 CEST.

Flavor Version Tinstall Tcheck Ttotal Status Flags
r-devel-linux-x86_64-debian-clang 0.3-5.1 3.53 19.81 23.34 NOTE
r-devel-linux-x86_64-debian-gcc 0.3-5.1 2.39 15.78 18.17 NOTE
r-devel-linux-x86_64-fedora-clang 0.3-5.1 29.68 NOTE
r-devel-linux-x86_64-fedora-gcc 0.3-5.1 26.40 NOTE
r-devel-windows-ix86+x86_64 0.3-5.1 9.00 53.00 62.00 OK
r-devel-osx-x86_64 0.3-5.1 OK
r-patched-linux-x86_64 0.3-5.1 2.78 19.21 21.99 NOTE
r-patched-solaris-x86 0.3-5.1 54.70 OK
r-release-linux-x86_64 0.3-5.1 2.72 20.03 22.75 NOTE
r-release-windows-ix86+x86_64 0.3-5.1 9.00 43.00 52.00 OK
r-release-osx-x86_64 0.3-5.1 OK
r-oldrel-windows-ix86+x86_64 0.3-5.1 9.00 33.00 42.00 OK

Check Details

Version: 0.3-5.1
Check: compiled code
Result: NOTE
    File ‘som/libs/som.so’:
     Found no calls to: ‘R_registerRoutines’, ‘R_useDynamicSymbols’
    
    It is good practice to register native routines and to disable symbol
    search.
    
    See ‘Writing portable packages’ in the ‘Writing R Extensions’ manual.
Flavors: r-devel-linux-x86_64-debian-clang, r-devel-linux-x86_64-debian-gcc, r-devel-linux-x86_64-fedora-clang, r-devel-linux-x86_64-fedora-gcc, r-patched-linux-x86_64, r-release-linux-x86_64