Last updated on 2023-02-04 22:55:03 CET.
Flavor | Version | Tinstall | Tcheck | Ttotal | Status | Flags |
---|---|---|---|---|---|---|
r-devel-linux-x86_64-debian-clang | 0.0.9.2 | 8.28 | 66.74 | 75.02 | OK | |
r-devel-linux-x86_64-debian-gcc | 0.0.9.2 | 7.10 | 49.30 | 56.40 | OK | |
r-devel-linux-x86_64-fedora-clang | 0.0.9.2 | 92.25 | NOTE | |||
r-devel-linux-x86_64-fedora-gcc | 0.0.9.2 | 101.60 | NOTE | |||
r-devel-windows-x86_64 | 0.0.9.2 | 22.00 | 90.00 | 112.00 | OK | |
r-patched-linux-x86_64 | 0.0.9.2 | 8.01 | 63.81 | 71.82 | OK | |
r-release-linux-x86_64 | 0.0.9.2 | 8.81 | 64.55 | 73.36 | OK | |
r-release-macos-arm64 | 0.0.9.2 | 27.00 | NOTE | |||
r-release-macos-x86_64 | 0.0.9.2 | 42.00 | NOTE | |||
r-release-windows-x86_64 | 0.0.9.2 | 25.00 | 96.00 | 121.00 | OK | |
r-oldrel-macos-arm64 | 0.0.9.2 | 26.00 | NOTE | |||
r-oldrel-macos-x86_64 | 0.0.9.2 | 39.00 | NOTE | |||
r-oldrel-windows-ix86+x86_64 | 0.0.9.2 | 19.00 | 88.00 | 107.00 | OK |
Version: 0.0.9.2
Check: dependencies in R code
Result: NOTE
Namespaces in Imports field not imported from:
‘RSQLite’ ‘dbplyr’
All declared Imports should be used.
Flavors: r-devel-linux-x86_64-fedora-clang, r-devel-linux-x86_64-fedora-gcc, r-release-macos-arm64, r-release-macos-x86_64, r-oldrel-macos-arm64, r-oldrel-macos-x86_64