CRAN Package Check Results for Package spAbundance

Last updated on 2025-01-17 22:50:33 CET.

Flavor Version Tinstall Tcheck Ttotal Status Flags
r-devel-linux-x86_64-debian-clang 0.2.1 112.71 229.57 342.28 OK
r-devel-linux-x86_64-debian-gcc 0.2.1 74.75 144.32 219.07 OK
r-devel-linux-x86_64-fedora-clang 0.2.1 594.50 OK
r-devel-linux-x86_64-fedora-gcc 0.2.1 556.96 OK
r-devel-windows-x86_64 0.2.1 113.00 218.00 331.00 OK
r-patched-linux-x86_64 0.2.1 119.58 213.63 333.21 OK
r-release-linux-x86_64 0.2.1 113.52 215.40 328.92 OK
r-release-macos-arm64 0.2.1 129.00 NOTE
r-release-macos-x86_64 0.2.1 222.00 NOTE
r-release-windows-x86_64 0.2.1 117.00 215.00 332.00 OK
r-oldrel-macos-arm64 0.2.1 130.00 NOTE
r-oldrel-macos-x86_64 0.2.1 212.00 NOTE
r-oldrel-windows-x86_64 0.2.1 124.00 291.00 415.00 OK

Check Details

Version: 0.2.1
Check: installed package size
Result: NOTE installed size is 5.1Mb sub-directories of 1Mb or more: R 2.0Mb libs 2.4Mb Flavors: r-release-macos-arm64, r-release-macos-x86_64, r-oldrel-macos-arm64, r-oldrel-macos-x86_64