Last updated on 2024-04-18 22:53:01 CEST.
Flavor | Version | Tinstall | Tcheck | Ttotal | Status | Flags |
---|---|---|---|---|---|---|
r-devel-linux-x86_64-debian-clang | 0.2.0 | 2.50 | 28.07 | 30.57 | NOTE | |
r-devel-linux-x86_64-debian-gcc | 0.2.0 | 1.65 | 22.09 | 23.74 | NOTE | |
r-devel-linux-x86_64-fedora-clang | 0.2.0 | 40.70 | NOTE | |||
r-devel-linux-x86_64-fedora-gcc | 0.2.0 | 51.01 | NOTE | |||
r-prerel-macos-arm64 | 0.2.0 | 26.00 | NOTE | |||
r-prerel-windows-x86_64 | 0.2.0 | 4.00 | 46.00 | 50.00 | NOTE | |
r-patched-linux-x86_64 | 0.2.0 | 2.44 | 28.04 | 30.48 | NOTE | |
r-release-linux-x86_64 | 0.2.0 | 2.29 | 26.53 | 28.82 | NOTE | |
r-release-macos-arm64 | 0.2.0 | 23.00 | NOTE | |||
r-release-macos-x86_64 | 0.2.0 | 31.00 | NOTE | |||
r-release-windows-x86_64 | 0.2.0 | 4.00 | 47.00 | 51.00 | NOTE | |
r-oldrel-macos-arm64 | 0.2.0 | 17.00 | NOTE | |||
r-oldrel-windows-x86_64 | 0.2.0 | 4.00 | 49.00 | 53.00 | NOTE |
Version: 0.2.0
Check: LazyData
Result: NOTE
'LazyData' is specified without a 'data' directory
Flavors: r-devel-linux-x86_64-debian-clang, r-devel-linux-x86_64-debian-gcc, r-devel-linux-x86_64-fedora-clang, r-devel-linux-x86_64-fedora-gcc, r-prerel-macos-arm64, r-prerel-windows-x86_64, r-patched-linux-x86_64, r-release-linux-x86_64, r-release-macos-arm64, r-release-macos-x86_64, r-release-windows-x86_64, r-oldrel-macos-arm64, r-oldrel-windows-x86_64
Version: 0.2.0
Check: Rd cross-references
Result: NOTE
Undeclared package ‘rebus.base’ in Rd xrefs
Flavor: r-devel-linux-x86_64-fedora-clang