CRAN Package Check Results for Package spBFA

Last updated on 2024-07-23 22:49:51 CEST.

Flavor Version Tinstall Tcheck Ttotal Status Flags
r-devel-linux-x86_64-debian-clang 1.3 205.76 91.83 297.59 OK
r-devel-linux-x86_64-debian-gcc 1.3 135.83 70.18 206.01 OK
r-devel-linux-x86_64-fedora-clang 1.3 523.08 OK
r-devel-linux-x86_64-fedora-gcc 1.3 475.85 OK
r-devel-windows-x86_64 1.3 173.00 106.00 279.00 OK
r-patched-linux-x86_64 1.3 207.12 88.08 295.20 OK
r-release-linux-x86_64 1.3 184.13 89.32 273.45 OK
r-release-macos-arm64 1.3 102.00 NOTE
r-release-macos-x86_64 1.3 153.00 NOTE
r-release-windows-x86_64 1.3 208.00 102.00 310.00 OK
r-oldrel-macos-arm64 1.3 124.00 NOTE
r-oldrel-macos-x86_64 1.3 178.00 NOTE
r-oldrel-windows-x86_64 1.3 204.00 126.00 330.00 OK

Check Details

Version: 1.3
Check: installed package size
Result: NOTE installed size is 13.4Mb sub-directories of 1Mb or more: data 3.3Mb libs 9.5Mb Flavors: r-release-macos-arm64, r-release-macos-x86_64, r-oldrel-macos-arm64, r-oldrel-macos-x86_64