Last updated on 2023-10-04 00:02:00 CEST.
Flavor | Version | Tinstall | Tcheck | Ttotal | Status | Flags |
---|---|---|---|---|---|---|
r-devel-linux-x86_64-debian-clang | 1.3 | 262.16 | 93.59 | 355.75 | OK | |
r-devel-linux-x86_64-debian-gcc | 1.3 | 177.34 | 70.23 | 247.57 | OK | |
r-devel-linux-x86_64-fedora-clang | 1.3 | 522.28 | OK | |||
r-devel-linux-x86_64-fedora-gcc | 1.3 | 537.03 | OK | |||
r-devel-windows-x86_64 | 1.3 | 205.00 | 105.00 | 310.00 | OK | |
r-patched-linux-x86_64 | 1.3 | 250.96 | 89.77 | 340.73 | OK | |
r-release-linux-x86_64 | 1.3 | 263.08 | 90.70 | 353.78 | OK | |
r-release-macos-arm64 | 1.3 | 124.00 | NOTE | |||
r-release-macos-x86_64 | 1.3 | 178.00 | NOTE | |||
r-release-windows-x86_64 | 1.3 | 251.00 | 121.00 | 372.00 | OK | |
r-oldrel-macos-arm64 | 1.3 | 85.00 | NOTE | |||
r-oldrel-macos-x86_64 | 1.3 | 141.00 | NOTE | |||
r-oldrel-windows-x86_64 | 1.3 | 248.00 | 126.00 | 374.00 | OK |
Version: 1.3
Check: installed package size
Result: NOTE
installed size is 13.7Mb
sub-directories of 1Mb or more:
data 3.1Mb
libs 10.1Mb
Flavors: r-release-macos-arm64, r-release-macos-x86_64, r-oldrel-macos-arm64, r-oldrel-macos-x86_64