Last updated on 2023-09-21 23:03:33 CEST.
Flavor | Version | Tinstall | Tcheck | Ttotal | Status | Flags |
---|---|---|---|---|---|---|
r-devel-linux-x86_64-debian-clang | 0.2.2 | 85.88 | 129.78 | 215.66 | OK | |
r-devel-linux-x86_64-debian-gcc | 0.2.2 | 63.97 | 95.66 | 159.63 | OK | |
r-devel-linux-x86_64-fedora-clang | 0.2.2 | 258.43 | OK | |||
r-devel-linux-x86_64-fedora-gcc | 0.2.2 | 288.04 | OK | |||
r-devel-windows-x86_64 | 0.2.2 | 67.00 | 133.00 | 200.00 | OK | |
r-patched-linux-x86_64 | 0.2.2 | 98.95 | 123.03 | 221.98 | OK | |
r-release-linux-x86_64 | 0.2.2 | 89.08 | 125.57 | 214.65 | OK | |
r-release-macos-arm64 | 0.2.2 | 80.00 | NOTE | |||
r-release-macos-x86_64 | 0.2.2 | 133.00 | NOTE | |||
r-release-windows-x86_64 | 0.2.2 | 83.00 | 157.00 | 240.00 | OK | |
r-oldrel-macos-arm64 | 0.2.2 | 113.00 | NOTE | |||
r-oldrel-macos-x86_64 | 0.2.2 | 162.00 | NOTE | |||
r-oldrel-windows-x86_64 | 0.2.2 | 76.00 | 144.00 | 220.00 | OK |
Version: 0.2.2
Check: installed package size
Result: NOTE
installed size is 24.4Mb
sub-directories of 1Mb or more:
libs 24.1Mb
Flavors: r-release-macos-arm64, r-release-macos-x86_64, r-oldrel-macos-arm64, r-oldrel-macos-x86_64