CRAN Package Check Results for Package spTimer

Last updated on 2018-01-15 22:47:52 CET.

Flavor Version Tinstall Tcheck Ttotal Status Flags
r-devel-linux-x86_64-debian-clang 3.0-1 10.26 71.50 81.76 NOTE
r-devel-linux-x86_64-debian-gcc 3.0-1 11.32 62.43 73.75 NOTE
r-devel-linux-x86_64-fedora-clang 3.0-1 106.23 NOTE
r-devel-linux-x86_64-fedora-gcc 3.0-1 102.09 NOTE
r-devel-windows-ix86+x86_64 3.0-1 33.00 138.00 171.00 OK
r-patched-linux-x86_64 3.0-1 12.91 83.68 96.59 OK
r-patched-solaris-x86 3.0-1 165.00 OK
r-release-linux-x86_64 3.0-1 13.29 83.09 96.38 OK
r-release-windows-ix86+x86_64 3.0-1 48.00 132.00 180.00 OK
r-release-osx-x86_64 3.0-1 OK
r-oldrel-windows-ix86+x86_64 2.0-1 39.00 85.00 124.00 OK
r-oldrel-osx-x86_64 3.0-1 ERROR

Check Details

Version: 3.0-1
Check: DESCRIPTION meta-information
Result: NOTE
    Dependence on R version ‘3.4.1’ not with patchlevel 0
Flavors: r-devel-linux-x86_64-debian-clang, r-devel-linux-x86_64-debian-gcc, r-devel-linux-x86_64-fedora-clang, r-devel-linux-x86_64-fedora-gcc

Version: 3.0-1
Check: whether package can be installed
Result: ERROR
    Installation failed.
Flavor: r-oldrel-osx-x86_64