CRAN Package Check Results for Package spacefillr

Last updated on 2025-01-19 22:49:25 CET.

Flavor Version Tinstall Tcheck Ttotal Status Flags
r-devel-linux-x86_64-debian-clang 0.3.3 20.55 23.87 44.42 OK
r-devel-linux-x86_64-debian-gcc 0.3.3 14.07 19.41 33.48 OK
r-devel-linux-x86_64-fedora-clang 0.3.3 78.85 OK
r-devel-linux-x86_64-fedora-gcc 0.3.3 80.38 OK
r-devel-windows-x86_64 0.3.3 24.00 64.00 88.00 OK
r-patched-linux-x86_64 0.3.3 20.27 23.10 43.37 OK
r-release-linux-x86_64 0.3.3 18.45 23.10 41.55 OK
r-release-macos-arm64 0.3.3 37.00 NOTE
r-release-macos-x86_64 0.3.3 36.00 NOTE
r-release-windows-x86_64 0.3.3 25.00 65.00 90.00 OK
r-oldrel-macos-arm64 0.3.3 44.00 NOTE
r-oldrel-macos-x86_64 0.3.3 90.00 NOTE
r-oldrel-windows-x86_64 0.3.3 27.00 73.00 100.00 OK

Check Details

Version: 0.3.3
Check: installed package size
Result: NOTE installed size is 5.2Mb sub-directories of 1Mb or more: include 2.1Mb libs 3.0Mb Flavors: r-release-macos-arm64, r-release-macos-x86_64, r-oldrel-macos-arm64, r-oldrel-macos-x86_64