Last updated on 2021-04-16 22:51:13 CEST.
Flavor | Version | Tinstall | Tcheck | Ttotal | Status | Flags |
---|---|---|---|---|---|---|
r-devel-linux-x86_64-debian-clang | 0.1.1 | 2.92 | 52.53 | 55.45 | NOTE | |
r-devel-linux-x86_64-debian-gcc | 0.1.1 | 2.67 | 40.11 | 42.78 | NOTE | |
r-devel-linux-x86_64-fedora-clang | 0.1.1 | 78.08 | NOTE | |||
r-devel-linux-x86_64-fedora-gcc | 0.1.1 | 65.39 | NOTE | |||
r-devel-windows-ix86+x86_64 | 0.1.1 | 7.00 | 68.00 | 75.00 | NOTE | |
r-devel-windows-x86_64-gcc10-UCRT | 0.1.1 | NOTE | ||||
r-patched-linux-x86_64 | 0.1.1 | 3.25 | 51.50 | 54.75 | OK | |
r-patched-solaris-x86 | 0.1.1 | 114.60 | NOTE | |||
r-release-linux-x86_64 | 0.1.1 | 3.28 | 50.93 | 54.21 | OK | |
r-release-macos-x86_64 | 0.1.1 | NOTE | ||||
r-release-windows-ix86+x86_64 | 0.1.1 | 8.00 | 103.00 | 111.00 | OK | |
r-oldrel-macos-x86_64 | 0.1.1 | NOTE | ||||
r-oldrel-windows-ix86+x86_64 | 0.1.1 | 4.00 | 73.00 | 77.00 | OK |
Version: 0.1.1
Check: LazyData
Result: NOTE
'LazyData' is specified without a 'data' directory
Flavors: r-devel-linux-x86_64-debian-clang, r-devel-linux-x86_64-debian-gcc, r-devel-linux-x86_64-fedora-clang, r-devel-linux-x86_64-fedora-gcc, r-devel-windows-ix86+x86_64, r-devel-windows-x86_64-gcc10-UCRT
Version: 0.1.1
Check: dependencies in R code
Result: NOTE
Namespace in Imports field not imported from: ‘rgdal’
All declared Imports should be used.
Flavors: r-devel-linux-x86_64-fedora-clang, r-devel-linux-x86_64-fedora-gcc, r-devel-windows-x86_64-gcc10-UCRT, r-patched-solaris-x86, r-release-macos-x86_64, r-oldrel-macos-x86_64