CRAN Package Check Results for Package sparcl

Last updated on 2017-11-22 22:57:56 CET.

Flavor Version Tinstall Tcheck Ttotal Status Flags
r-devel-linux-x86_64-debian-clang 1.0.3 0.99 17.91 18.90 NOTE
r-devel-linux-x86_64-debian-gcc 1.0.3 1.15 41.26 42.42 NOTE
r-devel-linux-x86_64-fedora-clang 1.0.3 31.58 NOTE
r-devel-linux-x86_64-fedora-gcc 1.0.3 32.44 NOTE
r-devel-windows-ix86+x86_64 1.0.3 10.00 53.00 63.00 NOTE
r-patched-linux-x86_64 1.0.3 1.06 18.86 19.92 NOTE
r-patched-solaris-x86 1.0.3 60.00 NOTE
r-release-linux-x86_64 1.0.3 0.96 18.43 19.39 NOTE
r-release-windows-ix86+x86_64 1.0.3 5.00 48.00 53.00 NOTE
r-release-osx-x86_64 1.0.3 NOTE
r-oldrel-windows-ix86+x86_64 1.0.3 5.00 49.00 54.00 NOTE
r-oldrel-osx-x86_64 1.0.3 NOTE

Check Details

Version: 1.0.3
Check: S3 generic/method consistency
Result: NOTE
    Found the following apparent S3 methods exported but not registered:
     plot.HierarchicalSparseCluster plot.HierarchicalSparseCluster.permute
     plot.KMeansSparseCluster plot.KMeansSparseCluster.permute
     print.HierarchicalSparseCluster
     print.HierarchicalSparseCluster.permute print.KMeansSparseCluster
     print.KMeansSparseCluster.permute
    See section ‘Registering S3 methods’ in the ‘Writing R Extensions’
    manual.
Flavors: r-devel-linux-x86_64-debian-clang, r-devel-linux-x86_64-debian-gcc, r-devel-linux-x86_64-fedora-clang, r-devel-linux-x86_64-fedora-gcc, r-patched-linux-x86_64, r-patched-solaris-x86, r-release-linux-x86_64

Version: 1.0.3
Check: R code for possible problems
Result: NOTE
    ColorDendrogram: no visible global function definition for ‘plot’
    ColorDendrogram: no visible global function definition for ‘segments’
    GetUW: no visible global function definition for ‘rnorm’
    GetUW: no visible global function definition for ‘as.dist’
    HierarchicalSparseCluster: no visible binding for global variable ‘sd’
    HierarchicalSparseCluster: no visible global function definition for
     ‘hclust’
    HierarchicalSparseCluster: no visible global function definition for
     ‘as.dist’
    HierarchicalSparseCluster: no visible global function definition for
     ‘cor’
    HierarchicalSparseCluster.permute: no visible binding for global
     variable ‘sd’
    HierarchicalSparseCluster.wrapper: no visible binding for global
     variable ‘var’
    HierarchicalSparseCluster.wrapper: no visible global function
     definition for ‘write.table’
    KMeansSparseCluster: no visible global function definition for ‘kmeans’
    KMeansSparseCluster: no visible global function definition for ‘rnorm’
    KMeansSparseCluster.permute: no visible binding for global variable
     ‘sd’
    UpdateCs: no visible global function definition for ‘kmeans’
    UpdateCs: no visible global function definition for ‘dist’
    output.cluster.files.fun: no visible global function definition for
     ‘write.table’
    output.matrix: no visible global function definition for ‘write.table’
    plot.HierarchicalSparseCluster: no visible global function definition
     for ‘par’
    plot.HierarchicalSparseCluster: no visible global function definition
     for ‘plot’
    plot.HierarchicalSparseCluster.permute: no visible global function
     definition for ‘plot’
    plot.HierarchicalSparseCluster.permute: no visible global function
     definition for ‘lines’
    plot.KMeansSparseCluster: no visible global function definition for
     ‘par’
    plot.KMeansSparseCluster: no visible global function definition for
     ‘plot’
    plot.KMeansSparseCluster.permute: no visible global function definition
     for ‘plot’
    plot.KMeansSparseCluster.permute: no visible global function definition
     for ‘lines’
    read.gct: no visible global function definition for ‘read.table’
    Undefined global functions or variables:
     as.dist cor dist hclust kmeans lines par plot read.table rnorm sd
     segments var write.table
    Consider adding
     importFrom("graphics", "lines", "par", "plot", "segments")
     importFrom("stats", "as.dist", "cor", "dist", "hclust", "kmeans",
     "rnorm", "sd", "var")
     importFrom("utils", "read.table", "write.table")
    to your NAMESPACE file.
Flavors: r-devel-linux-x86_64-debian-clang, r-devel-linux-x86_64-debian-gcc, r-devel-linux-x86_64-fedora-clang, r-devel-linux-x86_64-fedora-gcc, r-devel-windows-ix86+x86_64, r-patched-linux-x86_64, r-patched-solaris-x86, r-release-linux-x86_64, r-release-windows-ix86+x86_64, r-release-osx-x86_64, r-oldrel-windows-ix86+x86_64, r-oldrel-osx-x86_64

Version: 1.0.3
Check: Rd line widths
Result: NOTE
    Rd file 'ColorDendrogram.Rd':
     \usage lines wider than 90 characters:
     ColorDendrogram(hc, y, main = "", branchlength = 0.7, labels = NULL, xlab = NULL, sub = NULL, ylab = "", cex.main = NULL)
    
    Rd file 'HierarchicalSparseCluster.Rd':
     \usage lines wider than 90 characters:
     HierarchicalSparseCluster(x=NULL, dists=NULL,method=c("average","complete", "single","centroid"),
     wbound=NULL,niter=15,dissimilarity=c("squared.distance","absolute.value"), uorth=NULL,silent=FALSE,
     \examples lines wider than 100 characters:
     # faster than sparsehc <- HierarchicalSparseCluster(x=x,wbound=perm.out$bestw, method="complete")
     sparsehc <- HierarchicalSparseCluster(dists=perm.out$dists, wbound=perm.out$bestw, method="complete", dissimilarity="absolute.value")
    
    Rd file 'HierarchicalSparseCluster.permute.Rd':
     \examples lines wider than 100 characters:
     sparsehc <- HierarchicalSparseCluster(dists=perm.out$dists, wbound=perm.out$bestw, method="complete")
    
    Rd file 'HierarchicalSparseCluster.wrapper.Rd':
     \usage lines wider than 90 characters:
     HierarchicalSparseCluster.wrapper(file, method=c("average", "complete", "single", "centroid"),
     "single","centroid"),output.cluster.files=TRUE,outputfile.prefix=NULL,maxnumgenes=5000,standardize.arrays=TRUE)
    
    These lines will be truncated in the PDF manual.
Flavors: r-devel-linux-x86_64-debian-clang, r-devel-linux-x86_64-debian-gcc, r-devel-linux-x86_64-fedora-clang, r-devel-linux-x86_64-fedora-gcc, r-patched-linux-x86_64, r-release-linux-x86_64

Version: 1.0.3
Check: compiled code
Result: NOTE
    File ‘sparcl/libs/sparcl.so’:
     Found no calls to: ‘R_registerRoutines’, ‘R_useDynamicSymbols’
    
    It is good practice to register native routines and to disable symbol
    search.
    
    See ‘Writing portable packages’ in the ‘Writing R Extensions’ manual.
Flavors: r-devel-linux-x86_64-debian-clang, r-devel-linux-x86_64-debian-gcc, r-devel-linux-x86_64-fedora-clang, r-devel-linux-x86_64-fedora-gcc, r-patched-linux-x86_64, r-release-linux-x86_64