Last updated on 2024-03-28 23:01:59 CET.
Flavor | Version | Tinstall | Tcheck | Ttotal | Status | Flags |
---|---|---|---|---|---|---|
r-devel-linux-x86_64-debian-clang | 1.8.4 | 46.96 | 227.53 | 274.49 | OK | |
r-devel-linux-x86_64-debian-gcc | 1.8.5 | 27.82 | 150.22 | 178.04 | OK | |
r-devel-linux-x86_64-fedora-clang | 1.8.5 | 323.79 | NOTE | |||
r-devel-linux-x86_64-fedora-gcc | 1.8.5 | 301.38 | OK | |||
r-devel-windows-x86_64 | 1.8.5 | 33.00 | 194.00 | 227.00 | OK | |
r-patched-linux-x86_64 | 1.8.5 | 34.23 | 197.55 | 231.78 | OK | |
r-release-linux-x86_64 | 1.8.4 | 27.71 | 216.81 | 244.52 | OK | |
r-release-macos-arm64 | 1.8.5 | 71.00 | NOTE | |||
r-release-macos-x86_64 | 1.8.5 | 177.00 | NOTE | |||
r-release-windows-x86_64 | 1.8.5 | 43.00 | 241.00 | 284.00 | OK | |
r-oldrel-macos-arm64 | 1.8.5 | 70.00 | NOTE | |||
r-oldrel-windows-x86_64 | 1.8.5 | 43.00 | 159.00 | 202.00 | OK |
Version: 1.8.5
Check: Rd cross-references
Result: NOTE
Undeclared package ‘tibble’ in Rd xrefs
Flavor: r-devel-linux-x86_64-fedora-clang
Version: 1.8.5
Check: installed package size
Result: NOTE
installed size is 5.1Mb
sub-directories of 1Mb or more:
R 2.1Mb
java 1.8Mb
Flavors: r-release-macos-arm64, r-release-macos-x86_64, r-oldrel-macos-arm64