Last updated on 2024-05-03 22:53:25 CEST.
Flavor | Version | Tinstall | Tcheck | Ttotal | Status | Flags |
---|---|---|---|---|---|---|
r-devel-linux-x86_64-debian-clang | 0.1.1 | 8.99 | 66.23 | 75.22 | NOTE | |
r-devel-linux-x86_64-fedora-clang | 0.2.0 | 93.91 | OK | |||
r-devel-linux-x86_64-fedora-gcc | 0.2.0 | 87.61 | OK | |||
r-devel-windows-x86_64 | 0.2.0 | 8.00 | 68.00 | 76.00 | OK | |
r-patched-linux-x86_64 | 0.2.0 | 11.39 | 62.59 | 73.98 | OK | |
r-release-linux-x86_64 | 0.1.1 | 5.01 | 63.31 | 68.32 | NOTE | |
r-release-macos-arm64 | 0.2.0 | 29.00 | OK | |||
r-release-macos-x86_64 | 0.2.0 | 70.00 | OK | |||
r-release-windows-x86_64 | 0.1.1 | 7.00 | 70.00 | 77.00 | NOTE | |
r-oldrel-macos-arm64 | 0.2.0 | 36.00 | OK | |||
r-oldrel-macos-x86_64 | 0.2.0 | 54.00 | OK | |||
r-oldrel-windows-x86_64 | 0.2.0 | 7.00 | 71.00 | 78.00 | OK |
Version: 0.1.1
Check: Rd files
Result: NOTE
checkRd: (-1) xgboost_classifier.Rd:92: Lost braces; missing escapes or markup?
92 | \item{tree_method}{The tree construction algorithm used in XGBoost. options: {'auto', 'exact', 'approx'} [default='auto']}
| ^
checkRd: (-1) xgboost_classifier.Rd:100: Lost braces; missing escapes or markup?
100 | \item{normalize_type}{Parameter of Dart booster. type of normalization algorithm, options: {'tree', 'forest'}. [default="tree"]}
| ^
checkRd: (-1) xgboost_classifier.Rd:116: Lost braces; missing escapes or markup?
116 | \item{use_external_memory}{The tree construction algorithm used in XGBoost. options: {'auto', 'exact', 'approx'} [default='auto']}
| ^
checkRd: (-1) xgboost_regressor.Rd:88: Lost braces; missing escapes or markup?
88 | \item{tree_method}{The tree construction algorithm used in XGBoost. options: {'auto', 'exact', 'approx'} [default='auto']}
| ^
checkRd: (-1) xgboost_regressor.Rd:96: Lost braces; missing escapes or markup?
96 | \item{normalize_type}{Parameter of Dart booster. type of normalization algorithm, options: {'tree', 'forest'}. [default="tree"]}
| ^
checkRd: (-1) xgboost_regressor.Rd:112: Lost braces; missing escapes or markup?
112 | \item{use_external_memory}{The tree construction algorithm used in XGBoost. options: {'auto', 'exact', 'approx'} [default='auto']}
| ^
Flavors: r-devel-linux-x86_64-debian-clang, r-release-linux-x86_64, r-release-windows-x86_64
Version: 0.1.1
Check: LazyData
Result: NOTE
'LazyData' is specified without a 'data' directory
Flavors: r-devel-linux-x86_64-debian-clang, r-release-linux-x86_64, r-release-windows-x86_64