Last updated on 2024-04-23 22:55:37 CEST.
Flavor | Version | Tinstall | Tcheck | Ttotal | Status | Flags |
---|---|---|---|---|---|---|
r-devel-linux-x86_64-debian-clang | 0.3.3.7 | 35.46 | 95.75 | 131.21 | NOTE | |
r-devel-linux-x86_64-debian-gcc | 0.3.3.7 | 31.16 | 73.21 | 104.37 | NOTE | |
r-devel-linux-x86_64-fedora-clang | 0.3.3.7 | 188.17 | NOTE | |||
r-devel-linux-x86_64-fedora-gcc | 0.3.3.7 | 186.44 | NOTE | |||
r-prerel-macos-arm64 | 0.3.3.7 | 57.00 | NOTE | |||
r-prerel-windows-x86_64 | 0.3.3.7 | 33.00 | 129.00 | 162.00 | NOTE | |
r-patched-linux-x86_64 | 0.3.3.7 | 37.23 | 91.72 | 128.95 | NOTE | |
r-release-linux-x86_64 | 0.3.3.7 | 42.35 | 95.53 | 137.88 | NOTE | |
r-release-macos-arm64 | 0.3.3.7 | 66.00 | NOTE | |||
r-release-macos-x86_64 | 0.3.3.7 | 97.00 | NOTE | |||
r-release-windows-x86_64 | 0.3.3.7 | 42.00 | 149.00 | 191.00 | NOTE | |
r-oldrel-macos-arm64 | 0.3.3.7 | 53.00 | OK | |||
r-oldrel-windows-x86_64 | 0.3.3.7 | 41.00 | 141.00 | 182.00 | OK |
Version: 0.3.3.7
Check: C++ specification
Result: NOTE
Specified C++11: please drop specification unless essential
Flavors: r-devel-linux-x86_64-debian-clang, r-devel-linux-x86_64-debian-gcc, r-devel-linux-x86_64-fedora-clang, r-devel-linux-x86_64-fedora-gcc, r-prerel-macos-arm64, r-prerel-windows-x86_64, r-patched-linux-x86_64, r-release-linux-x86_64, r-release-macos-arm64, r-release-macos-x86_64, r-release-windows-x86_64
Version: 0.3.3.7
Check: Rd files
Result: NOTE
checkRd: (-1) Coord.to.Pointers.Rd:54: Lost braces; missing escapes or markup?
54 | \item{triangle=TRUE}{Input \code{rows} and {cols} represent lower
| ^
checkRd: (-1) Coord.to.Pointers.Rd:59: Lost braces; missing escapes or markup?
59 | \item{triangle=FALSE}{Input \code{rows} and {cols} represent a full
| ^
Flavors: r-devel-linux-x86_64-debian-clang, r-devel-linux-x86_64-debian-gcc, r-devel-linux-x86_64-fedora-clang, r-devel-linux-x86_64-fedora-gcc, r-prerel-macos-arm64, r-prerel-windows-x86_64, r-patched-linux-x86_64