Last updated on 2024-04-25 22:49:23 CEST.
Flavor | Version | Tinstall | Tcheck | Ttotal | Status | Flags |
---|---|---|---|---|---|---|
r-devel-linux-x86_64-debian-clang | 0.1.3 | 31.61 | 89.29 | 120.90 | NOTE | |
r-devel-linux-x86_64-debian-gcc | 0.1.3 | 23.13 | 66.89 | 90.02 | NOTE | |
r-devel-linux-x86_64-fedora-clang | 0.1.3 | 156.33 | NOTE | |||
r-devel-linux-x86_64-fedora-gcc | 0.1.3 | 147.57 | NOTE | |||
r-devel-windows-x86_64 | 0.1.3 | 29.00 | 96.00 | 125.00 | NOTE | |
r-patched-linux-x86_64 | 0.1.3 | 29.90 | 86.19 | 116.09 | NOTE | |
r-release-linux-x86_64 | 0.1.3 | 30.54 | 89.02 | 119.56 | NOTE | |
r-release-macos-arm64 | 0.1.3 | 43.00 | NOTE | |||
r-release-windows-x86_64 | 0.1.3 | 29.00 | 97.00 | 126.00 | NOTE | |
r-oldrel-macos-arm64 | 0.1.3 | 49.00 | NOTE | |||
r-oldrel-macos-x86_64 | 0.1.3 | 76.00 | NOTE | |||
r-oldrel-windows-x86_64 | 0.1.3 | 37.00 | 113.00 | 150.00 | NOTE |
Version: 0.1.3
Check: Rd files
Result: NOTE
checkRd: (-1) cholsolveAQinvAT.Rd:5: Lost braces; missing escapes or markup?
5 | \title{Solve the equation X = AQ^{-1}t(A) under permutations}
| ^
Flavors: r-devel-linux-x86_64-debian-clang, r-devel-linux-x86_64-debian-gcc, r-devel-linux-x86_64-fedora-clang, r-devel-linux-x86_64-fedora-gcc, r-devel-windows-x86_64, r-patched-linux-x86_64, r-release-macos-arm64, r-release-windows-x86_64
Version: 0.1.3
Check: LazyData
Result: NOTE
'LazyData' is specified without a 'data' directory
Flavors: r-devel-linux-x86_64-debian-clang, r-devel-linux-x86_64-debian-gcc, r-devel-linux-x86_64-fedora-clang, r-devel-linux-x86_64-fedora-gcc, r-devel-windows-x86_64, r-patched-linux-x86_64, r-release-linux-x86_64, r-release-macos-arm64, r-release-windows-x86_64, r-oldrel-macos-arm64, r-oldrel-macos-x86_64, r-oldrel-windows-x86_64