Last updated on 2023-12-07 21:56:02 CET.
Flavor | Version | Tinstall | Tcheck | Ttotal | Status | Flags |
---|---|---|---|---|---|---|
r-devel-linux-x86_64-debian-clang | 0.1.0 | 77.40 | 82.92 | 160.32 | NOTE | |
r-devel-linux-x86_64-debian-gcc | 0.1.0 | 64.63 | 63.60 | 128.23 | NOTE | |
r-devel-linux-x86_64-fedora-clang | 0.1.0 | 253.45 | NOTE | |||
r-devel-linux-x86_64-fedora-gcc | 0.1.0 | 250.13 | NOTE | |||
r-devel-windows-x86_64 | 0.1.0 | 71.00 | 99.00 | 170.00 | NOTE | |
r-patched-linux-x86_64 | 0.1.0 | 77.50 | 82.24 | 159.74 | NOTE | |
r-release-linux-x86_64 | 0.1.0 | 77.40 | 80.70 | 158.10 | NOTE | |
r-release-macos-arm64 | 0.1.0 | 62.00 | NOTE | |||
r-release-macos-x86_64 | 0.1.0 | 104.00 | NOTE | |||
r-release-windows-x86_64 | 0.1.0 | 88.00 | 114.00 | 202.00 | NOTE | |
r-oldrel-macos-arm64 | 0.1.0 | 56.00 | OK | |||
r-oldrel-macos-x86_64 | 0.1.0 | 77.00 | OK | |||
r-oldrel-windows-x86_64 | 0.1.0 | 87.00 | 110.00 | 197.00 | OK |
Version: 0.1.0
Check: C++ specification
Result: NOTE
Specified C++11: please drop specification unless essential
Flavors: r-devel-linux-x86_64-debian-clang, r-devel-linux-x86_64-debian-gcc, r-devel-linux-x86_64-fedora-clang, r-devel-linux-x86_64-fedora-gcc, r-devel-windows-x86_64, r-patched-linux-x86_64, r-release-linux-x86_64, r-release-macos-arm64, r-release-macos-x86_64, r-release-windows-x86_64