CRAN Package Check Results for Package sparta

Last updated on 2023-11-27 23:11:53 CET.

Flavor Version Tinstall Tcheck Ttotal Status Flags
r-devel-linux-x86_64-debian-clang 0.8.4 109.82 34.71 144.53 NOTE
r-devel-linux-x86_64-debian-gcc 0.8.4 75.01 27.58 102.59 NOTE
r-devel-linux-x86_64-fedora-clang 0.8.4 217.18 NOTE
r-devel-linux-x86_64-fedora-gcc 0.8.4 219.34 NOTE
r-devel-windows-x86_64 0.8.4 81.00 72.00 153.00 NOTE
r-patched-linux-x86_64 0.8.4 92.49 34.22 126.71 NOTE
r-release-linux-x86_64 0.8.4 89.74 34.22 123.96 NOTE
r-release-macos-arm64 0.8.4 55.00 NOTE
r-release-macos-x86_64 0.8.4 91.00 NOTE
r-release-windows-x86_64 0.8.4 101.00 77.00 178.00 NOTE
r-oldrel-macos-arm64 0.8.4 48.00 OK
r-oldrel-macos-x86_64 0.8.4 60.00 OK
r-oldrel-windows-x86_64 0.8.4 99.00 75.00 174.00 OK

Check Details

Version: 0.8.4
Check: C++ specification
Result: NOTE Specified C++11: please drop specification unless essential Flavors: r-devel-linux-x86_64-debian-clang, r-devel-linux-x86_64-debian-gcc, r-devel-linux-x86_64-fedora-clang, r-devel-linux-x86_64-fedora-gcc, r-devel-windows-x86_64, r-patched-linux-x86_64, r-release-linux-x86_64, r-release-macos-arm64, r-release-macos-x86_64, r-release-windows-x86_64