Last updated on 2023-01-30 22:57:23 CET.
Flavor | Version | Tinstall | Tcheck | Ttotal | Status | Flags |
---|---|---|---|---|---|---|
r-devel-linux-x86_64-debian-clang | 0.6-6 | 15.18 | 136.27 | 151.45 | NOTE | |
r-devel-linux-x86_64-debian-gcc | 0.6-6 | 12.17 | 98.32 | 110.49 | NOTE | |
r-devel-linux-x86_64-fedora-clang | 0.6-6 | 187.39 | OK | |||
r-devel-linux-x86_64-fedora-gcc | 0.6-6 | 195.70 | OK | |||
r-devel-windows-x86_64 | 0.6-6 | 48.00 | 160.00 | 208.00 | NOTE | |
r-patched-linux-x86_64 | 0.6-6 | 19.33 | 129.49 | 148.82 | NOTE | |
r-release-linux-x86_64 | 0.6-6 | 10.40 | 131.22 | 141.62 | NOTE | |
r-release-macos-arm64 | 0.6-6 | 45.00 | NOTE | |||
r-release-macos-x86_64 | 0.6-6 | 76.00 | NOTE | |||
r-release-windows-x86_64 | 0.6-6 | 29.00 | 166.00 | 195.00 | NOTE | |
r-oldrel-macos-arm64 | 0.6-6 | 46.00 | NOTE | |||
r-oldrel-macos-x86_64 | 0.6-6 | 76.00 | NOTE | |||
r-oldrel-windows-ix86+x86_64 | 0.6-6 | 35.00 | 162.00 | 197.00 | OK |
Version: 0.6-6
Check: package dependencies
Result: NOTE
Package suggested but not available for checking: ‘INLA’
Flavors: r-devel-linux-x86_64-debian-clang, r-devel-linux-x86_64-debian-gcc, r-devel-windows-x86_64, r-patched-linux-x86_64, r-release-linux-x86_64, r-release-macos-arm64, r-release-macos-x86_64, r-release-windows-x86_64, r-oldrel-macos-arm64, r-oldrel-macos-x86_64