Last updated on 2023-09-28 23:08:59 CEST.
Flavor | Version | Tinstall | Tcheck | Ttotal | Status | Flags |
---|---|---|---|---|---|---|
r-devel-linux-x86_64-debian-clang | 0.2.3 | 290.96 | 37.57 | 328.53 | NOTE | |
r-devel-linux-x86_64-debian-gcc | 0.2.3 | 223.97 | 29.87 | 253.84 | NOTE | |
r-devel-linux-x86_64-fedora-clang | 0.2.3 | 477.72 | NOTE | |||
r-devel-linux-x86_64-fedora-gcc | 0.2.3 | 550.38 | NOTE | |||
r-devel-windows-x86_64 | 0.2.3 | 214.00 | 92.00 | 306.00 | NOTE | |
r-patched-linux-x86_64 | 0.2.3 | 300.75 | 36.69 | 337.44 | NOTE | |
r-release-linux-x86_64 | 0.2.3 | 301.27 | 37.40 | 338.67 | NOTE | |
r-release-macos-arm64 | 0.2.3 | 120.00 | NOTE | |||
r-release-macos-x86_64 | 0.2.3 | 191.00 | NOTE | |||
r-release-windows-x86_64 | 0.2.3 | 272.00 | 99.00 | 371.00 | NOTE | |
r-oldrel-macos-arm64 | 0.2.3 | 102.00 | NOTE | |||
r-oldrel-macos-x86_64 | 0.2.3 | 135.00 | NOTE | |||
r-oldrel-windows-x86_64 | 0.2.3 | 259.00 | 95.00 | 354.00 | OK |
Version: 0.2.3
Check: C++ specification
Result: NOTE
Specified C++11: please drop specification unless essential
Flavors: r-devel-linux-x86_64-debian-clang, r-devel-linux-x86_64-debian-gcc, r-devel-linux-x86_64-fedora-clang, r-devel-linux-x86_64-fedora-gcc, r-devel-windows-x86_64, r-patched-linux-x86_64, r-release-linux-x86_64, r-release-macos-arm64, r-release-macos-x86_64, r-release-windows-x86_64
Version: 0.2.3
Check: installed package size
Result: NOTE
installed size is 14.9Mb
sub-directories of 1Mb or more:
doc 1.2Mb
libs 13.4Mb
Flavors: r-release-macos-arm64, r-release-macos-x86_64, r-oldrel-macos-arm64, r-oldrel-macos-x86_64