Last updated on 2024-04-18 22:53:01 CEST.
Flavor | Version | Tinstall | Tcheck | Ttotal | Status | Flags |
---|---|---|---|---|---|---|
r-devel-linux-x86_64-debian-clang | 1.3-3 | 29.18 | 284.94 | 314.12 | OK | |
r-devel-linux-x86_64-debian-gcc | 1.3-3 | 22.08 | 206.23 | 228.31 | OK | |
r-devel-linux-x86_64-fedora-clang | 1.3-3 | 374.62 | NOTE | |||
r-devel-linux-x86_64-fedora-gcc | 1.3-3 | 376.90 | OK | |||
r-prerel-macos-arm64 | 1.3-3 | 102.00 | NOTE | |||
r-prerel-macos-x86_64 | 1.3-3 | 243.00 | NOTE | |||
r-prerel-windows-x86_64 | 1.3-3 | 31.00 | 233.00 | 264.00 | NOTE | |
r-patched-linux-x86_64 | 1.3-3 | 29.76 | 266.48 | 296.24 | OK | |
r-release-linux-x86_64 | 1.3-3 | 24.44 | 271.52 | 295.96 | OK | |
r-release-macos-arm64 | 1.3-3 | 168.00 | NOTE | |||
r-release-macos-x86_64 | 1.3-3 | 257.00 | NOTE | |||
r-release-windows-x86_64 | 1.3-3 | 37.00 | 299.00 | 336.00 | NOTE | |
r-oldrel-macos-arm64 | 1.3-3 | 145.00 | NOTE | |||
r-oldrel-windows-x86_64 | 1.3-3 | 38.00 | 311.00 | 349.00 | NOTE |
Version: 1.3-3
Check: installed package size
Result: NOTE
installed size is 8.1Mb
sub-directories of 1Mb or more:
doc 5.3Mb
etc 1.4Mb
Flavors: r-devel-linux-x86_64-fedora-clang, r-prerel-macos-arm64, r-prerel-macos-x86_64, r-prerel-windows-x86_64, r-release-macos-arm64, r-release-macos-x86_64, r-release-windows-x86_64, r-oldrel-macos-arm64, r-oldrel-windows-x86_64