CRAN Package Check Results for Package speaq

Last updated on 2017-11-20 22:54:01 CET.

Flavor Version Tinstall Tcheck Ttotal Status Flags
r-devel-linux-x86_64-debian-clang 2.1.0 2.30 284.78 287.08 OK
r-devel-linux-x86_64-debian-gcc 2.1.0 2.99 700.24 703.23 OK
r-devel-linux-x86_64-fedora-clang 2.1.0 275.48 OK
r-devel-linux-x86_64-fedora-gcc 2.1.0 316.35 OK
r-devel-windows-ix86+x86_64 2.1.0 9.00 456.00 465.00 OK
r-patched-linux-x86_64 2.1.0 2.44 294.27 296.72 OK
r-patched-solaris-x86 2.1.0 818.40 ERROR
r-release-linux-x86_64 2.1.0 2.78 299.05 301.83 OK
r-release-windows-ix86+x86_64 2.1.0 8.00 446.00 454.00 OK
r-release-osx-x86_64 2.1.0 ERROR
r-oldrel-windows-ix86+x86_64 2.1.0 6.00 558.00 564.00 OK
r-oldrel-osx-x86_64 2.1.0 OK

Check Details

Version: 2.1.0
Check: examples
Result: ERROR
    Running examples in ‘speaq-Ex.R’ failed
    The error most likely occurred in:
    
    > ### Name: HMDBsearchR
    > ### Title: Submit 1H NMR peaks to HMDB for compound search
    > ### Aliases: HMDBsearchR
    >
    > ### ** Examples
    >
    > HMDBsearchR(peakVector = c(3.2, 3.38), ppmTol = 0.2, returnURL = TRUE)
    Error in curl::curl_fetch_memory(url, handle = handle) :
     Timeout was reached: Resolving timed out after 10000 milliseconds
    Calls: HMDBsearchR ... request_fetch -> request_fetch.write_memory -> <Anonymous> -> .Call
    Execution halted
Flavor: r-patched-solaris-x86

Version: 2.1.0
Check: package dependencies
Result: ERROR
    Packages required but not available: ‘MassSpecWavelet’ ‘impute’
    
    See section ‘The DESCRIPTION file’ in the ‘Writing R Extensions’
    manual.
Flavor: r-release-osx-x86_64