CRAN Package Check Results for Package speaq

Last updated on 2018-09-17 22:51:20 CEST.

Flavor Version Tinstall Tcheck Ttotal Status Flags
r-devel-linux-x86_64-debian-clang 2.3.3 7.51 239.14 246.65 OK
r-devel-linux-x86_64-debian-gcc 2.3.3 6.09 178.69 184.78 OK
r-devel-linux-x86_64-fedora-clang 2.3.3 317.96 NOTE
r-devel-linux-x86_64-fedora-gcc 2.3.3 334.86 OK
r-devel-windows-ix86+x86_64 2.3.3 27.00 952.00 979.00 NOTE
r-patched-linux-x86_64 2.3.3 5.69 233.26 238.95 OK
r-patched-solaris-x86 2.3.3 1067.50 NOTE
r-release-linux-x86_64 2.3.3 7.77 229.78 237.55 OK
r-release-windows-ix86+x86_64 2.3.3 11.00 445.00 456.00 NOTE
r-release-osx-x86_64 2.3.3 NOTE
r-oldrel-windows-ix86+x86_64 2.3.3 10.00 471.00 481.00 NOTE
r-oldrel-osx-x86_64 2.3.3 NOTE

Check Details

Version: 2.3.3
Check: installed package size
Result: NOTE
     installed size is 5.2Mb
     sub-directories of 1Mb or more:
     data 1.5Mb
     doc 3.4Mb
Flavors: r-devel-linux-x86_64-fedora-clang, r-devel-windows-ix86+x86_64, r-patched-solaris-x86, r-release-windows-ix86+x86_64, r-release-osx-x86_64, r-oldrel-windows-ix86+x86_64, r-oldrel-osx-x86_64