CRAN Package Check Results for Package speaq

Last updated on 2018-02-20 22:48:22 CET.

Flavor Version Tinstall Tcheck Ttotal Status Flags
r-devel-linux-x86_64-debian-clang 2.1.0 6.42 237.66 244.08 OK
r-devel-linux-x86_64-debian-gcc 2.1.0 5.11 181.12 186.23 OK
r-devel-windows-ix86+x86_64 2.1.0 11.00 547.00 558.00 OK
r-patched-linux-x86_64 2.1.0 3.68 252.43 256.11 OK
r-patched-solaris-x86 2.1.0 1081.60 OK
r-release-linux-x86_64 2.1.0 3.24 255.95 259.19 OK
r-release-windows-ix86+x86_64 2.1.0 19.00 639.00 658.00 OK
r-release-osx-x86_64 2.1.0 ERROR
r-oldrel-windows-ix86+x86_64 2.1.0 14.00 651.00 665.00 OK
r-oldrel-osx-x86_64 2.1.0 OK

Check Details

Version: 2.1.0
Check: package dependencies
Result: ERROR
    Packages required but not available: ‘MassSpecWavelet’ ‘impute’
    
    See section ‘The DESCRIPTION file’ in the ‘Writing R Extensions’
    manual.
Flavor: r-release-osx-x86_64