Last updated on 2024-04-19 22:56:04 CEST.
Flavor | Version | Tinstall | Tcheck | Ttotal | Status | Flags |
---|---|---|---|---|---|---|
r-devel-linux-x86_64-debian-clang | 1.3.3 | 3.05 | 31.39 | 34.44 | NOTE | |
r-devel-linux-x86_64-debian-gcc | 1.3.3 | NOTE | ||||
r-devel-linux-x86_64-fedora-clang | 1.3.3 | 45.32 | NOTE | |||
r-devel-linux-x86_64-fedora-gcc | 1.3.3 | 42.64 | NOTE | |||
r-prerel-macos-arm64 | 1.3.3 | 18.00 | NOTE | |||
r-prerel-windows-x86_64 | 1.3.3 | 4.00 | 47.00 | 51.00 | NOTE | |
r-patched-linux-x86_64 | 1.3.3 | 3.53 | 30.85 | 34.38 | NOTE | |
r-release-linux-x86_64 | 1.3.3 | 2.66 | 30.36 | 33.02 | NOTE | |
r-release-macos-arm64 | 1.3.3 | 19.00 | NOTE | |||
r-release-macos-x86_64 | 1.3.3 | 25.00 | NOTE | |||
r-release-windows-x86_64 | 1.3.3 | 4.00 | 53.00 | 57.00 | NOTE | |
r-oldrel-macos-arm64 | 1.3.3 | 19.00 | OK | |||
r-oldrel-windows-x86_64 | 1.3.3 | 10.00 | 55.00 | 65.00 | OK |
Version: 1.3.3
Check: Rd files
Result: NOTE
checkRd: (-1) image.plot.Rd:78: Escaped LaTeX specials: \$
Flavors: r-devel-linux-x86_64-debian-clang, r-devel-linux-x86_64-debian-gcc, r-devel-linux-x86_64-fedora-clang, r-devel-linux-x86_64-fedora-gcc, r-prerel-macos-arm64, r-prerel-windows-x86_64, r-patched-linux-x86_64, r-release-linux-x86_64, r-release-macos-arm64, r-release-macos-x86_64, r-release-windows-x86_64