Last updated on 2024-04-27 23:17:01 CEST.
Flavor | Version | Tinstall | Tcheck | Ttotal | Status | Flags |
---|---|---|---|---|---|---|
r-devel-linux-x86_64-debian-clang | 1.2.0 | 138.68 | 45.43 | 184.11 | NOTE | |
r-devel-linux-x86_64-debian-gcc | 1.2.0 | 115.61 | 36.42 | 152.03 | NOTE | |
r-devel-linux-x86_64-fedora-clang | 1.2.0 | 269.48 | NOTE | |||
r-devel-linux-x86_64-fedora-gcc | 1.2.0 | 274.94 | NOTE | |||
r-devel-windows-x86_64 | 1.2.0 | 119.00 | 81.00 | 200.00 | OK | |
r-patched-linux-x86_64 | 1.2.0 | 142.84 | 46.19 | 189.03 | NOTE | |
r-release-linux-x86_64 | 1.2.0 | 142.66 | 45.16 | 187.82 | NOTE | |
r-release-macos-arm64 | 1.2.0 | 59.00 | NOTE | |||
r-release-windows-x86_64 | 1.2.0 | 117.00 | 87.00 | 204.00 | OK | |
r-oldrel-macos-arm64 | 1.2.0 | 63.00 | NOTE | |||
r-oldrel-macos-x86_64 | 1.2.0 | 76.00 | NOTE | |||
r-oldrel-windows-x86_64 | 1.2.0 | 142.00 | 98.00 | 240.00 | OK |
Version: 1.2.0
Check: package dependencies
Result: NOTE
Package suggested but not available for checking: ‘cooltools’
Flavors: r-devel-linux-x86_64-debian-clang, r-devel-linux-x86_64-debian-gcc, r-devel-linux-x86_64-fedora-clang, r-devel-linux-x86_64-fedora-gcc, r-patched-linux-x86_64, r-release-linux-x86_64, r-release-macos-arm64
Version: 1.2.0
Check: installed package size
Result: NOTE
installed size is 8.4Mb
sub-directories of 1Mb or more:
libs 8.3Mb
Flavors: r-release-macos-arm64, r-oldrel-macos-arm64, r-oldrel-macos-x86_64