Last updated on 2023-01-28 22:55:27 CET.
Flavor | Version | Tinstall | Tcheck | Ttotal | Status | Flags |
---|---|---|---|---|---|---|
r-devel-linux-x86_64-debian-clang | 0.2.1 | 9.87 | 79.58 | 89.45 | NOTE | |
r-devel-linux-x86_64-debian-gcc | 0.2.1 | 7.74 | 59.19 | 66.93 | NOTE | |
r-devel-linux-x86_64-fedora-clang | 0.2.1 | 110.09 | NOTE | |||
r-devel-linux-x86_64-fedora-gcc | 0.2.1 | 117.08 | NOTE | |||
r-patched-linux-x86_64 | 0.2.1 | 9.32 | 75.66 | 84.98 | NOTE | |
r-release-linux-x86_64 | 0.2.1 | 7.72 | 78.11 | 85.83 | NOTE | |
r-release-macos-arm64 | 0.2.1 | 43.00 | NOTE | |||
r-release-macos-x86_64 | 0.2.1 | 63.00 | NOTE | |||
r-release-windows-x86_64 | 0.2.1 | 25.00 | 110.00 | 135.00 | NOTE | |
r-oldrel-macos-arm64 | 0.2.1 | 43.00 | NOTE | |||
r-oldrel-macos-x86_64 | 0.2.1 | 69.00 | NOTE | |||
r-oldrel-windows-ix86+x86_64 | 0.2.1 | 22.00 | 104.00 | 126.00 | NOTE |
Version: 0.2.1
Check: LazyData
Result: NOTE
'LazyData' is specified without a 'data' directory
Flavors: r-devel-linux-x86_64-debian-clang, r-devel-linux-x86_64-debian-gcc, r-devel-linux-x86_64-fedora-clang, r-devel-linux-x86_64-fedora-gcc, r-patched-linux-x86_64, r-release-linux-x86_64, r-release-macos-arm64, r-release-macos-x86_64, r-release-windows-x86_64, r-oldrel-macos-arm64, r-oldrel-macos-x86_64, r-oldrel-windows-ix86+x86_64
Version: 0.2.1
Check: dependencies in R code
Result: NOTE
Namespace in Imports field not imported from: ‘readr’
All declared Imports should be used.
Flavors: r-devel-linux-x86_64-fedora-clang, r-devel-linux-x86_64-fedora-gcc, r-release-macos-arm64, r-release-macos-x86_64, r-oldrel-macos-arm64, r-oldrel-macos-x86_64