CRAN Package Check Results for Package spikeSlabGAM

Last updated on 2018-09-23 22:47:15 CEST.

Flavor Version Tinstall Tcheck Ttotal Status Flags
r-devel-linux-x86_64-debian-clang 1.1-14 11.20 99.63 110.83 OK --no-vignettes
r-devel-linux-x86_64-debian-gcc 1.1-14 9.25 77.80 87.05 OK --no-vignettes
r-devel-linux-x86_64-fedora-clang 1.1-14 771.75 OK
r-devel-linux-x86_64-fedora-gcc 1.1-14 764.54 OK
r-devel-windows-ix86+x86_64 1.1-14 33.00 131.00 164.00 OK --no-vignettes
r-patched-linux-x86_64 1.1-14 10.40 83.39 93.79 OK --no-vignettes
r-patched-solaris-x86 1.1-14 164.10 OK --no-vignettes
r-release-linux-x86_64 1.1-14 8.34 83.22 91.56 OK --no-vignettes
r-release-windows-ix86+x86_64 1.1-14 21.00 149.00 170.00 OK --no-vignettes
r-release-osx-x86_64 1.1-11 OK
r-oldrel-windows-ix86+x86_64 1.1-14 16.00 85.00 101.00 OK --no-vignettes
r-oldrel-osx-x86_64 1.1-11 NOTE

Check Details

Version: 1.1-11
Check: re-building of vignette outputs
Result: NOTE
    Error in re-building vignettes:
     ...
     predictions outside fitted range for lin(glucose).
    Warning in (function (xnew) :
     predictions outside fitted range for sm(glucose).
    Warning in bsplines(mf[[i]], knots = args$knots[[i]]$knots, boundary.knots = args$knots[[i]]$boundary.knots, :
     Some 'x' values are beyond 'boundary.knots'; Linear extrapolation used.
    Warning in (function (xnew) :
     predictions outside fitted range for lin(glucose).
    Warning in (function (xnew) :
     predictions outside fitted range for sm(glucose).
    Error in texi2dvi(file = file, pdf = TRUE, clean = clean, quiet = quiet, :
     Running 'texi2dvi' on 'UsingSpikeSlabGAM.tex' failed.
    LaTeX errors:
    ! LaTeX Error: File `algorithmic.sty' not found.
    
    Type X to quit or <RETURN> to proceed,
    or enter new name. (Default extension: sty)
    
    ! Emergency stop.
    <read *>
    
    l.12 \usepackage
     {algorithm}^^M
    ! ==> Fatal error occurred, no output PDF file produced!
    Calls: buildVignettes -> texi2pdf -> texi2dvi
    Execution halted
Flavor: r-oldrel-osx-x86_64