Last updated on 2023-06-08 22:57:14 CEST.
Flavor | Version | Tinstall | Tcheck | Ttotal | Status | Flags |
---|---|---|---|---|---|---|
r-devel-linux-x86_64-debian-clang | 0.4.8 | 114.44 | 44.24 | 158.68 | OK | |
r-devel-linux-x86_64-debian-gcc | 0.4.8 | 97.26 | 34.83 | 132.09 | OK | |
r-devel-linux-x86_64-fedora-clang | 0.4.8 | 278.51 | OK | |||
r-devel-linux-x86_64-fedora-gcc | 0.4.8 | 265.68 | OK | |||
r-devel-windows-x86_64 | 0.4.8 | 93.00 | 85.00 | 178.00 | OK | |
r-patched-linux-x86_64 | 0.4.8 | 104.27 | 43.28 | 147.55 | OK | |
r-release-linux-x86_64 | 0.4.8 | 94.41 | 42.93 | 137.34 | OK | |
r-release-macos-arm64 | 0.4.8 | 66.00 | NOTE | |||
r-release-macos-x86_64 | 0.4.8 | 110.00 | NOTE | |||
r-release-windows-x86_64 | 0.4.8 | 119.00 | 96.00 | 215.00 | OK | |
r-oldrel-macos-arm64 | 0.4.8 | 73.00 | NOTE | |||
r-oldrel-macos-x86_64 | 0.4.8 | 111.00 | NOTE | |||
r-oldrel-windows-x86_64 | 0.4.8 | 113.00 | 90.00 | 203.00 | OK |
Version: 0.4.8
Check: installed package size
Result: NOTE
installed size is 5.6Mb
sub-directories of 1Mb or more:
libs 4.2Mb
Flavors: r-release-macos-arm64, r-release-macos-x86_64, r-oldrel-macos-arm64, r-oldrel-macos-x86_64