Last updated on 2024-04-18 22:53:01 CEST.
Flavor | Version | Tinstall | Tcheck | Ttotal | Status | Flags |
---|---|---|---|---|---|---|
r-devel-linux-x86_64-debian-clang | 1.1.3 | 52.10 | 107.73 | 159.83 | NOTE | |
r-devel-linux-x86_64-debian-gcc | 1.1.3 | 40.41 | 79.19 | 119.60 | NOTE | |
r-devel-linux-x86_64-fedora-clang | 1.1.3 | 211.84 | NOTE | |||
r-devel-linux-x86_64-fedora-gcc | 1.1.3 | 208.44 | NOTE | |||
r-prerel-macos-arm64 | 1.1.3 | 64.00 | NOTE | |||
r-prerel-windows-x86_64 | 1.1.3 | 41.00 | 110.00 | 151.00 | NOTE | |
r-patched-linux-x86_64 | 1.1.3 | 52.52 | 101.49 | 154.01 | NOTE | |
r-release-linux-x86_64 | 1.1.3 | 51.07 | 102.60 | 153.67 | NOTE | |
r-release-macos-arm64 | 1.1.3 | 71.00 | NOTE | |||
r-release-macos-x86_64 | 1.1.3 | 101.00 | NOTE | |||
r-release-windows-x86_64 | 1.1.3 | 52.00 | 134.00 | 186.00 | NOTE | |
r-oldrel-macos-arm64 | 1.1.3 | 68.00 | OK | |||
r-oldrel-windows-x86_64 | 1.1.3 | 51.00 | 133.00 | 184.00 | OK |
Version: 1.1.3
Check: C++ specification
Result: NOTE
Specified C++11: please drop specification unless essential
Flavors: r-devel-linux-x86_64-debian-clang, r-devel-linux-x86_64-debian-gcc, r-devel-linux-x86_64-fedora-clang, r-devel-linux-x86_64-fedora-gcc, r-prerel-macos-arm64, r-prerel-windows-x86_64, r-patched-linux-x86_64, r-release-linux-x86_64, r-release-macos-arm64, r-release-macos-x86_64, r-release-windows-x86_64