Last updated on 2023-02-06 21:55:00 CET.
Flavor | Version | Tinstall | Tcheck | Ttotal | Status | Flags |
---|---|---|---|---|---|---|
r-devel-linux-x86_64-debian-clang | 0.9.1-0 | 10.48 | 67.77 | 78.25 | OK | |
r-devel-linux-x86_64-debian-gcc | 0.9.1-0 | 9.42 | 51.36 | 60.78 | OK | |
r-devel-linux-x86_64-fedora-clang | 0.9.1-0 | 99.74 | NOTE | |||
r-devel-linux-x86_64-fedora-gcc | 0.9.1-0 | 97.05 | NOTE | |||
r-devel-windows-x86_64 | 0.9.1-0 | 82.00 | 125.00 | 207.00 | OK | |
r-patched-linux-x86_64 | 0.9.1-0 | 11.41 | 62.26 | 73.67 | OK | |
r-release-linux-x86_64 | 0.9.1-0 | 9.30 | 66.29 | 75.59 | OK | |
r-release-macos-arm64 | 0.9.1-0 | 29.00 | NOTE | |||
r-release-macos-x86_64 | 0.9.1-0 | 40.00 | NOTE | |||
r-release-windows-x86_64 | 0.9.1-0 | 110.00 | 98.00 | 208.00 | OK | |
r-oldrel-macos-arm64 | 0.9.1-0 | 32.00 | NOTE | |||
r-oldrel-macos-x86_64 | 0.9.1-0 | 55.00 | NOTE | |||
r-oldrel-windows-ix86+x86_64 | 0.9.1-0 | 22.00 | 90.00 | 112.00 | OK |
Version: 0.9.1-0
Check: data for non-ASCII characters
Result: NOTE
Note: found 1 marked UTF-8 string
Flavors: r-devel-linux-x86_64-fedora-clang, r-devel-linux-x86_64-fedora-gcc, r-release-macos-arm64, r-release-macos-x86_64, r-oldrel-macos-arm64, r-oldrel-macos-x86_64