CRAN Package Check Results for Package spocc

Last updated on 2023-03-25 22:55:43 CET.

Flavor Version Tinstall Tcheck Ttotal Status Flags
r-devel-linux-x86_64-debian-clang 1.2.2 13.19 88.83 102.02 OK
r-devel-linux-x86_64-debian-gcc 1.2.2 10.39 65.50 75.89 OK
r-devel-linux-x86_64-fedora-clang 1.2.2 125.82 OK
r-devel-linux-x86_64-fedora-gcc 1.2.2 119.62 OK
r-devel-windows-x86_64 1.2.2 40.00 130.00 170.00 OK
r-patched-linux-x86_64 1.2.1 14.11 80.05 94.16 OK
r-release-linux-x86_64 1.2.1 11.79 78.60 90.39 OK
r-release-macos-arm64 1.2.2 28.00 OK
r-release-macos-x86_64 1.2.2 50.00 OK
r-release-windows-x86_64 1.2.1 33.00 109.00 142.00 OK
r-oldrel-macos-arm64 1.2.2 32.00 OK
r-oldrel-macos-x86_64 1.2.2 53.00 OK
r-oldrel-windows-ix86+x86_64 1.2.1 24.00 112.00 136.00 NOTE

Check Details

Version: 1.2.1
Check: dependencies in R code
Result: NOTE
    Initiating curl with CURL_SSL_BACKEND: openssl
Flavor: r-oldrel-windows-ix86+x86_64