Last updated on 2024-03-28 23:01:59 CET.
Flavor | Version | Tinstall | Tcheck | Ttotal | Status | Flags |
---|---|---|---|---|---|---|
r-devel-linux-x86_64-debian-clang | 0.1.2 | 4.88 | 49.28 | 54.16 | NOTE | |
r-devel-linux-x86_64-debian-gcc | 0.1.2 | 4.29 | 37.37 | 41.66 | NOTE | |
r-devel-linux-x86_64-fedora-clang | 0.1.2 | 68.02 | NOTE | |||
r-devel-linux-x86_64-fedora-gcc | 0.1.2 | 64.57 | NOTE | |||
r-devel-windows-x86_64 | 0.1.2 | 6.00 | 56.00 | 62.00 | NOTE | |
r-patched-linux-x86_64 | 0.1.2 | 5.48 | 46.10 | 51.58 | NOTE | |
r-release-linux-x86_64 | 0.1.2 | 4.53 | 45.44 | 49.97 | NOTE | |
r-release-macos-arm64 | 0.1.2 | 26.00 | NOTE | |||
r-release-macos-x86_64 | 0.1.2 | 36.00 | NOTE | |||
r-release-windows-x86_64 | 0.1.2 | 8.00 | 63.00 | 71.00 | NOTE | |
r-oldrel-macos-arm64 | 0.1.2 | 22.00 | NOTE | |||
r-oldrel-windows-x86_64 | 0.1.2 | 8.00 | 65.00 | 73.00 | NOTE |
Version: 0.1.2
Check: LazyData
Result: NOTE
'LazyData' is specified without a 'data' directory
Flavors: r-devel-linux-x86_64-debian-clang, r-devel-linux-x86_64-debian-gcc, r-devel-linux-x86_64-fedora-clang, r-devel-linux-x86_64-fedora-gcc, r-devel-windows-x86_64, r-patched-linux-x86_64, r-release-linux-x86_64, r-release-macos-arm64, r-release-macos-x86_64, r-release-windows-x86_64, r-oldrel-macos-arm64, r-oldrel-windows-x86_64