CRAN Package Check Results for Package sportyR

Last updated on 2023-10-02 22:08:12 CEST.

Flavor Version Tinstall Tcheck Ttotal Status Flags
r-devel-linux-x86_64-debian-clang 2.2.1 13.73 188.94 202.67 NOTE
r-devel-linux-x86_64-debian-gcc 2.2.1 11.48 138.94 150.42 NOTE
r-devel-linux-x86_64-fedora-clang 2.2.1 260.56 NOTE
r-devel-linux-x86_64-fedora-gcc 2.2.1 251.24 NOTE
r-devel-windows-x86_64 2.2.1 14.00 180.00 194.00 NOTE
r-patched-linux-x86_64 2.2.1 18.13 181.29 199.42 OK
r-release-linux-x86_64 2.2.1 17.31 181.63 198.94 OK
r-release-macos-arm64 2.2.1 71.00 OK
r-release-macos-x86_64 2.2.1 228.00 OK
r-release-windows-x86_64 2.2.1 19.00 210.00 229.00 OK
r-oldrel-macos-arm64 2.2.1 69.00 OK
r-oldrel-macos-x86_64 2.2.1 93.00 OK
r-oldrel-windows-x86_64 2.2.1 20.00 182.00 202.00 OK

Check Details

Version: 2.2.1
Check: Rd \usage sections
Result: NOTE
    Documented arguments not in \usage in documentation object 'basketball_center_circle_fill':
     ‘linethickness’
    
    Documented arguments not in \usage in documentation object 'basketball_free_throw_circle_dash':
     ‘end_angleThe’
    
    Documented arguments not in \usage in documentation object 'basketball_painted_area':
     ‘free_throw_lane_boundary_line_thickness’
    
    Documented arguments not in \usage in documentation object 'curling_features_set_colors':
     ‘sheet’ ‘ring_1’ ‘ring_2’ ‘ring_3’
    
    Documented arguments not in \usage in documentation object 'football_field_border':
     ‘boundary_thickness’
    
    Documented arguments not in \usage in documentation object 'football_field_border_outline':
     ‘boundary_thickness’
    
    Documented arguments not in \usage in documentation object 'hockey_features_set_colors':
     ‘boards_color’ ‘center_line_color’ ‘blue_line_color’
     ‘goal_line_color’ ‘goalkeepers_restricted_area_color’
     ‘goal_crease_outline_color’ ‘goal_crease_fill_color’
     ‘referee_crease_color’ ‘center_faceoff_spot_color’
     ‘faceoff_spot_outer_ring_color’ ‘faceoff_spot_fill_color’
     ‘center_faceoff_circle_color’ ‘non_center_faceoff_circle_color’
     ‘faceoff_line_color’ ‘goal_color’ ‘goal_fill_color’
    
    Documented arguments not in \usage in documentation object 'lacrosse_off_field_officials_box':
     ‘feature_thickness’
    
    Documented arguments not in \usage in documentation object 'lacrosse_penalty_box_outline':
     ‘feature_thickness’
    
    Functions with \usage entries need to have the appropriate \alias
    entries, and all their arguments documented.
    The \usage entries must correspond to syntactically valid R code.
    See chapter ‘Writing R documentation files’ in the ‘Writing R
    Extensions’ manual.
Flavors: r-devel-linux-x86_64-debian-clang, r-devel-linux-x86_64-debian-gcc, r-devel-linux-x86_64-fedora-clang, r-devel-linux-x86_64-fedora-gcc, r-devel-windows-x86_64