Last updated on 2023-12-10 22:56:13 CET.
Flavor | Version | Tinstall | Tcheck | Ttotal | Status | Flags |
---|---|---|---|---|---|---|
r-devel-linux-x86_64-debian-clang | 0.9.0 | 36.43 | 84.48 | 120.91 | NOTE | |
r-devel-linux-x86_64-debian-gcc | 0.9.0 | 25.16 | 63.83 | 88.99 | NOTE | |
r-devel-linux-x86_64-fedora-clang | 0.9.0 | 158.42 | NOTE | |||
r-devel-linux-x86_64-fedora-gcc | 0.9.0 | 162.68 | NOTE | |||
r-devel-windows-x86_64 | 0.9.0 | 30.00 | 101.00 | 131.00 | NOTE | |
r-patched-linux-x86_64 | 0.9.0 | 31.65 | 82.29 | 113.94 | NOTE | |
r-release-linux-x86_64 | 0.9.0 | 29.40 | 81.62 | 111.02 | NOTE | |
r-release-macos-arm64 | 0.9.0 | 53.00 | NOTE | |||
r-release-macos-x86_64 | 0.9.0 | 87.00 | NOTE | |||
r-release-windows-x86_64 | 0.9.0 | 38.00 | 126.00 | 164.00 | NOTE | |
r-oldrel-macos-arm64 | 0.9.0 | 46.00 | OK | |||
r-oldrel-macos-x86_64 | 0.9.0 | 57.00 | OK | |||
r-oldrel-windows-x86_64 | 0.9.0 | 36.00 | 124.00 | 160.00 | OK |
Version: 0.9.0
Check: C++ specification
Result: NOTE
Specified C++11: please drop specification unless essential
Flavors: r-devel-linux-x86_64-debian-clang, r-devel-linux-x86_64-debian-gcc, r-devel-linux-x86_64-fedora-clang, r-devel-linux-x86_64-fedora-gcc, r-devel-windows-x86_64, r-patched-linux-x86_64, r-release-linux-x86_64, r-release-macos-arm64, r-release-macos-x86_64, r-release-windows-x86_64