Last updated on 2024-03-27 22:58:00 CET.
Flavor | Version | Tinstall | Tcheck | Ttotal | Status | Flags |
---|---|---|---|---|---|---|
r-devel-linux-x86_64-debian-clang | 0.2.2 | 4.68 | 32.27 | 36.95 | NOTE | |
r-devel-linux-x86_64-debian-gcc | 0.2.2 | 4.11 | 25.75 | 29.86 | NOTE | |
r-devel-linux-x86_64-fedora-clang | 0.2.2 | 48.38 | NOTE | |||
r-devel-linux-x86_64-fedora-gcc | 0.2.2 | 46.96 | NOTE | |||
r-devel-windows-x86_64 | 0.2.2 | 6.00 | 51.00 | 57.00 | NOTE | |
r-patched-linux-x86_64 | 0.2.2 | 5.20 | 31.89 | 37.09 | OK | |
r-release-linux-x86_64 | 0.2.2 | 4.26 | 32.66 | 36.92 | OK | |
r-release-macos-arm64 | 0.2.2 | 21.00 | OK | |||
r-release-macos-x86_64 | 0.2.2 | 27.00 | OK | |||
r-release-windows-x86_64 | 0.2.2 | 7.00 | 56.00 | 63.00 | OK | |
r-oldrel-macos-arm64 | 0.2.2 | 18.00 | OK | |||
r-oldrel-windows-x86_64 | 0.2.2 | 8.00 | 54.00 | 62.00 | OK |
Version: 0.2.2
Check: Rd files
Result: NOTE
checkRd: (-1) spsOption.Rd:29: Lost braces; missing escapes or markup?
29 | Some functions in {spsUtil}, {spsComps} and {systempPipeShiny} will behave
| ^
checkRd: (-1) spsOption.Rd:29: Lost braces; missing escapes or markup?
29 | Some functions in {spsUtil}, {spsComps} and {systempPipeShiny} will behave
| ^
checkRd: (-1) spsOption.Rd:29: Lost braces; missing escapes or markup?
29 | Some functions in {spsUtil}, {spsComps} and {systempPipeShiny} will behave
| ^
Flavors: r-devel-linux-x86_64-debian-clang, r-devel-linux-x86_64-debian-gcc, r-devel-linux-x86_64-fedora-clang, r-devel-linux-x86_64-fedora-gcc, r-devel-windows-x86_64
Version: 0.2.2
Check: Rd cross-references
Result: NOTE
Undeclared package ‘shiny’ in Rd xrefs
Flavor: r-devel-linux-x86_64-fedora-clang