CRAN Package Check Results for Package sptemExp

Last updated on 2019-08-25 22:47:14 CEST.

Flavor Version Tinstall Tcheck Ttotal Status Flags
r-devel-linux-x86_64-debian-clang 0.1.4 84.75 67.49 152.24 OK
r-devel-linux-x86_64-debian-gcc 0.1.4 69.18 54.79 123.97 OK
r-devel-linux-x86_64-fedora-clang 0.1.4 223.87 NOTE
r-devel-linux-x86_64-fedora-gcc 0.1.4 218.49 NOTE
r-devel-windows-ix86+x86_64 0.1.4 232.00 208.00 440.00 NOTE
r-patched-linux-x86_64 0.1.4 82.45 67.81 150.26 OK
r-patched-solaris-x86 0.1.4 209.20 NOTE
r-release-linux-x86_64 0.1.4 78.49 68.56 147.05 OK
r-release-windows-ix86+x86_64 0.1.4 224.00 0.00 224.00 FAIL
r-release-osx-x86_64 0.1.4 NOTE
r-oldrel-windows-ix86+x86_64 0.1.4 229.00 187.00 416.00 NOTE
r-oldrel-osx-x86_64 0.1.4 NOTE

Check Details

Version: 0.1.4
Check: installed package size
Result: NOTE
     installed size is 17.4Mb
     sub-directories of 1Mb or more:
     data 3.4Mb
     libs 13.2Mb
Flavors: r-devel-linux-x86_64-fedora-clang, r-devel-windows-ix86+x86_64, r-release-osx-x86_64, r-oldrel-windows-ix86+x86_64, r-oldrel-osx-x86_64

Version: 0.1.4
Check: dependencies in R code
Result: NOTE
    Namespaces in Imports field not imported from:
     ‘BayesX’ ‘BayesXsrc’ ‘automap’ ‘plyr’ ‘rgdal’ ‘splines’
     All declared Imports should be used.
Flavors: r-devel-linux-x86_64-fedora-clang, r-devel-linux-x86_64-fedora-gcc, r-patched-solaris-x86, r-release-osx-x86_64, r-oldrel-osx-x86_64

Version: 0.1.4
Check: package dependencies
Result: FAIL
    Check process probably crashed or hung up for 20 minutes ... killed
    Most likely this happened in the example checks (?),
    if not, ignore the following last lines of example output:
    
    ======== End of example output (where/before crash/hang up occured ?) ========
Flavor: r-release-windows-ix86+x86_64