CRAN Package Check Results for Package sptemExp

Last updated on 2020-01-17 22:51:07 CET.

Flavor Version Tinstall Tcheck Ttotal Status Flags
r-devel-linux-x86_64-debian-clang 0.1.4 88.23 71.65 159.88 OK
r-devel-linux-x86_64-debian-gcc 0.1.4 69.33 56.91 126.24 OK
r-devel-linux-x86_64-fedora-clang 0.1.4 230.85 NOTE
r-devel-linux-x86_64-fedora-gcc 0.1.4 222.72 NOTE
r-devel-windows-ix86+x86_64 0.1.4 228.00 210.00 438.00 NOTE
r-devel-windows-ix86+x86_64-gcc8 0.1.4 186.00 211.00 397.00 NOTE
r-patched-linux-x86_64 0.1.4 81.50 66.80 148.30 OK
r-patched-solaris-x86 0.1.4 234.70 NOTE
r-release-linux-x86_64 0.1.4 77.76 66.22 143.98 OK
r-release-windows-ix86+x86_64 0.1.4 220.00 159.00 379.00 NOTE
r-release-osx-x86_64 0.1.4 NOTE
r-oldrel-windows-ix86+x86_64 0.1.4 228.00 134.00 362.00 NOTE
r-oldrel-osx-x86_64 0.1.4 NOTE

Check Details

Version: 0.1.4
Check: installed package size
Result: NOTE
     installed size is 17.4Mb
     sub-directories of 1Mb or more:
     data 3.4Mb
     libs 13.2Mb
Flavors: r-devel-linux-x86_64-fedora-clang, r-devel-windows-ix86+x86_64, r-devel-windows-ix86+x86_64-gcc8, r-release-windows-ix86+x86_64, r-release-osx-x86_64, r-oldrel-windows-ix86+x86_64, r-oldrel-osx-x86_64

Version: 0.1.4
Check: dependencies in R code
Result: NOTE
    Namespaces in Imports field not imported from:
     ‘BayesX’ ‘BayesXsrc’ ‘automap’ ‘plyr’ ‘rgdal’ ‘splines’
     All declared Imports should be used.
Flavors: r-devel-linux-x86_64-fedora-clang, r-devel-linux-x86_64-fedora-gcc, r-patched-solaris-x86, r-release-osx-x86_64, r-oldrel-osx-x86_64