Last updated on 2023-06-04 23:00:13 CEST.
Flavor | Version | Tinstall | Tcheck | Ttotal | Status | Flags |
---|---|---|---|---|---|---|
r-devel-linux-x86_64-debian-clang | 2019.11-25 | 14.35 | 86.93 | 101.28 | NOTE | |
r-devel-linux-x86_64-debian-gcc | 2019.11-25 | 10.83 | 67.10 | 77.93 | NOTE | |
r-devel-linux-x86_64-fedora-clang | 2019.11-25 | 134.00 | NOTE | |||
r-devel-linux-x86_64-fedora-gcc | 2019.11-25 | 121.18 | NOTE | |||
r-devel-windows-x86_64 | 2019.11-25 | 15.00 | 95.00 | 110.00 | NOTE | |
r-patched-linux-x86_64 | 2019.11-25 | 12.79 | 83.85 | 96.64 | NOTE | |
r-release-linux-x86_64 | 2019.11-25 | 9.94 | 83.51 | 93.45 | NOTE | |
r-release-macos-arm64 | 2019.11-25 | 40.00 | NOTE | |||
r-release-macos-x86_64 | 2019.11-25 | 66.00 | NOTE | |||
r-release-windows-x86_64 | 2019.11-25 | 17.00 | 115.00 | 132.00 | NOTE | |
r-oldrel-macos-arm64 | 2019.11-25 | 36.00 | NOTE | |||
r-oldrel-macos-x86_64 | 2019.11-25 | 52.00 | NOTE | |||
r-oldrel-windows-x86_64 | 2019.11-25 | 17.00 | 111.00 | 128.00 | NOTE |
Version: 2019.11-25
Check: LazyData
Result: NOTE
'LazyData' is specified without a 'data' directory
Flavors: r-devel-linux-x86_64-debian-clang, r-devel-linux-x86_64-debian-gcc, r-devel-linux-x86_64-fedora-clang, r-devel-linux-x86_64-fedora-gcc, r-devel-windows-x86_64, r-patched-linux-x86_64, r-release-linux-x86_64, r-release-macos-arm64, r-release-macos-x86_64, r-release-windows-x86_64, r-oldrel-macos-arm64, r-oldrel-macos-x86_64, r-oldrel-windows-x86_64