Last updated on 2024-04-18 22:53:01 CEST.
Flavor | Version | Tinstall | Tcheck | Ttotal | Status | Flags |
---|---|---|---|---|---|---|
r-devel-linux-x86_64-debian-clang | 0.3.0 | 132.70 | 215.09 | 347.79 | OK | |
r-devel-linux-x86_64-debian-gcc | 0.3.0 | 105.56 | 163.24 | 268.80 | OK | |
r-devel-linux-x86_64-fedora-clang | 0.3.0 | 496.11 | OK | |||
r-devel-linux-x86_64-fedora-gcc | 0.3.0 | 489.70 | OK | |||
r-prerel-macos-arm64 | 0.3.0 | 100.00 | NOTE | |||
r-prerel-windows-x86_64 | 0.3.0 | 100.00 | 208.00 | 308.00 | OK | |
r-patched-linux-x86_64 | 0.3.0 | 98.31 | 217.09 | 315.40 | OK | |
r-release-linux-x86_64 | 0.3.0 | 96.28 | 213.57 | 309.85 | OK | |
r-release-macos-arm64 | 0.3.0 | 104.00 | NOTE | |||
r-release-macos-x86_64 | 0.3.0 | 200.00 | NOTE | |||
r-release-windows-x86_64 | 0.3.0 | 122.00 | 279.00 | 401.00 | OK | |
r-oldrel-macos-arm64 | 0.3.0 | 108.00 | NOTE | |||
r-oldrel-windows-x86_64 | 0.3.0 | 115.00 | 277.00 | 392.00 | OK |
Version: 0.3.0
Check: installed package size
Result: NOTE
installed size is 13.4Mb
sub-directories of 1Mb or more:
data 1.1Mb
help 1.1Mb
libs 10.9Mb
Flavors: r-prerel-macos-arm64, r-release-macos-arm64, r-release-macos-x86_64, r-oldrel-macos-arm64