CRAN Package Check Results for Package sstModel

Last updated on 2019-09-14 22:48:39 CEST.

Flavor Version Tinstall Tcheck Ttotal Status Flags
r-devel-linux-x86_64-debian-clang 1.0.0 12.90 96.25 109.15 OK
r-devel-linux-x86_64-debian-gcc 1.0.0 11.54 73.87 85.41 OK
r-devel-linux-x86_64-fedora-clang 1.0.0 131.99 NOTE
r-devel-linux-x86_64-fedora-gcc 1.0.0 125.57 NOTE
r-devel-windows-ix86+x86_64 1.0.0 40.00 110.00 150.00 OK
r-patched-linux-x86_64 1.0.0 12.90 92.56 105.46 OK
r-patched-solaris-x86 1.0.0 162.30 NOTE
r-release-linux-x86_64 1.0.0 14.02 93.95 107.97 OK
r-release-windows-ix86+x86_64 1.0.0 23.00 105.00 128.00 OK
r-release-osx-x86_64 1.0.0 NOTE
r-oldrel-windows-ix86+x86_64 1.0.0 36.00 97.00 133.00 OK
r-oldrel-osx-x86_64 1.0.0 NOTE

Check Details

Version: 1.0.0
Check: dependencies in R code
Result: NOTE
    Namespace in Imports field not imported from: ‘shinydashboard’
     All declared Imports should be used.
Flavors: r-devel-linux-x86_64-fedora-clang, r-devel-linux-x86_64-fedora-gcc, r-patched-solaris-x86, r-release-osx-x86_64, r-oldrel-osx-x86_64