Last updated on 2023-03-24 22:55:24 CET.
Flavor | Version | Tinstall | Tcheck | Ttotal | Status | Flags |
---|---|---|---|---|---|---|
r-devel-linux-x86_64-debian-clang | 0.7-1 | 2.75 | 89.20 | 91.95 | NOTE | |
r-devel-linux-x86_64-debian-gcc | 0.7-1 | 2.48 | 63.45 | 65.93 | NOTE | |
r-devel-linux-x86_64-fedora-clang | 0.7-1 | 115.49 | NOTE | |||
r-devel-linux-x86_64-fedora-gcc | 0.7-1 | 105.17 | NOTE | |||
r-patched-linux-x86_64 | 0.7-1 | 2.95 | 85.39 | 88.34 | NOTE | |
r-release-linux-x86_64 | 0.7-1 | 2.50 | 85.00 | 87.50 | NOTE | |
r-release-macos-arm64 | 0.7-1 | 29.00 | NOTE | |||
r-release-macos-x86_64 | 0.7-1 | 48.00 | NOTE | |||
r-release-windows-x86_64 | 0.7-1 | 14.00 | 119.00 | 133.00 | NOTE | |
r-oldrel-macos-arm64 | 0.7-1 | 33.00 | NOTE | |||
r-oldrel-macos-x86_64 | 0.7-1 | 65.00 | NOTE | |||
r-oldrel-windows-ix86+x86_64 | 0.7-1 | 10.00 | 126.00 | 136.00 | NOTE |
Version: 0.7-1
Check: LazyData
Result: NOTE
'LazyData' is specified without a 'data' directory
Flavors: r-devel-linux-x86_64-debian-clang, r-devel-linux-x86_64-debian-gcc, r-devel-linux-x86_64-fedora-clang, r-devel-linux-x86_64-fedora-gcc, r-patched-linux-x86_64, r-release-linux-x86_64, r-release-macos-arm64, r-release-macos-x86_64, r-release-windows-x86_64, r-oldrel-macos-arm64, r-oldrel-macos-x86_64, r-oldrel-windows-ix86+x86_64