Last updated on 2024-03-28 23:01:59 CET.
Flavor | Version | Tinstall | Tcheck | Ttotal | Status | Flags |
---|---|---|---|---|---|---|
r-devel-linux-x86_64-debian-clang | 3.2.2 | 9.89 | 170.12 | 180.01 | NOTE | |
r-devel-linux-x86_64-debian-gcc | 3.2.2 | 6.95 | 131.47 | 138.42 | NOTE | |
r-devel-linux-x86_64-fedora-clang | 3.2.2 | 197.99 | NOTE | |||
r-devel-linux-x86_64-fedora-gcc | 3.2.2 | 214.46 | NOTE | |||
r-devel-windows-x86_64 | 3.2.2 | 8.00 | 149.00 | 157.00 | NOTE | |
r-patched-linux-x86_64 | 3.2.2 | 9.92 | 166.58 | 176.50 | NOTE | |
r-release-linux-x86_64 | 3.2.2 | 9.04 | 163.81 | 172.85 | OK | |
r-release-macos-arm64 | 3.2.2 | 76.00 | OK | |||
r-release-macos-x86_64 | 3.2.2 | 372.00 | OK | |||
r-release-windows-x86_64 | 3.2.2 | 9.00 | 163.00 | 172.00 | OK | |
r-oldrel-macos-arm64 | 3.2.2 | 122.00 | OK | |||
r-oldrel-windows-x86_64 | 3.2.2 | 9.00 | 143.00 | 152.00 | OK |
Version: 3.2.2
Check: Rd files
Result: NOTE
checkRd: (-1) get_fields.Rd:27: Lost braces
27 | codes, the function will return a warning by default, suggesting setting \code{convert_field_names} to code{TRUE}.
| ^
checkRd: (-1) identify_form_fields.Rd:34: Lost braces
34 | codes, the function will return a warning by default, suggesting setting \code{convert_field_names} to code{TRUE}.
| ^
Flavors: r-devel-linux-x86_64-debian-clang, r-devel-linux-x86_64-debian-gcc, r-devel-linux-x86_64-fedora-clang, r-devel-linux-x86_64-fedora-gcc, r-devel-windows-x86_64, r-patched-linux-x86_64