CRAN Package Check Results for Package statgenIBD

Last updated on 2025-06-21 22:50:45 CEST.

Flavor Version Tinstall Tcheck Ttotal Status Flags
r-devel-linux-x86_64-debian-clang 1.0.8 66.25 97.53 163.78 OK
r-devel-linux-x86_64-debian-gcc 1.0.8 47.12 70.94 118.06 OK
r-devel-linux-x86_64-fedora-clang 1.0.8 290.57 NOTE
r-devel-linux-x86_64-fedora-gcc 1.0.8 283.30 NOTE
r-devel-windows-x86_64 1.0.8 87.00 865.00 952.00 OK
r-patched-linux-x86_64 1.0.8 65.66 90.11 155.77 OK
r-release-linux-x86_64 1.0.8 61.86 89.83 151.69 OK
r-release-macos-arm64 1.0.8 79.00 OK
r-release-macos-x86_64 1.0.8 159.00 OK
r-release-windows-x86_64 1.0.8 86.00 901.00 987.00 OK
r-oldrel-macos-arm64 1.0.8 91.00 NOTE
r-oldrel-macos-x86_64 1.0.8 141.00 NOTE
r-oldrel-windows-x86_64 1.0.8 97.00 1178.00 1275.00 OK

Check Details

Version: 1.0.8
Check: dependencies in R code
Result: NOTE Namespace in Imports field not imported from: ‘statgenGWAS’ All declared Imports should be used. Flavors: r-devel-linux-x86_64-fedora-clang, r-devel-linux-x86_64-fedora-gcc

Version: 1.0.8
Check: installed package size
Result: NOTE installed size is 7.5Mb sub-directories of 1Mb or more: extdata 2.4Mb libs 4.2Mb Flavors: r-oldrel-macos-arm64, r-oldrel-macos-x86_64