CRAN Package Check Results for Package stationaRy

Last updated on 2021-04-10 22:52:40 CEST.

Flavor Version Tinstall Tcheck Ttotal Status Flags
r-devel-linux-x86_64-debian-clang 0.5.1 4.03 68.65 72.68 NOTE
r-devel-linux-x86_64-debian-gcc 0.5.1 3.47 52.16 55.63 NOTE
r-devel-linux-x86_64-fedora-clang 0.5.1 95.24 NOTE
r-devel-linux-x86_64-fedora-gcc 0.5.1 83.79 NOTE
r-devel-windows-ix86+x86_64 0.5.1 8.00 72.00 80.00 NOTE
r-devel-windows-x86_64-gcc10-UCRT 0.5.1 NOTE
r-patched-linux-x86_64 0.5.1 4.08 67.63 71.71 OK
r-patched-solaris-x86 0.5.1 131.50 OK
r-release-linux-x86_64 0.5.1 3.95 66.62 70.57 OK
r-release-macos-x86_64 0.5.1 OK
r-release-windows-ix86+x86_64 0.5.1 26.00 96.00 122.00 OK
r-oldrel-macos-x86_64 0.5.1 OK
r-oldrel-windows-ix86+x86_64 0.5.1 7.00 81.00 88.00 OK

Check Details

Version: 0.5.1
Check: LazyData
Result: NOTE
     'LazyData' is specified without a 'data' directory
Flavors: r-devel-linux-x86_64-debian-clang, r-devel-linux-x86_64-debian-gcc, r-devel-linux-x86_64-fedora-clang, r-devel-linux-x86_64-fedora-gcc, r-devel-windows-ix86+x86_64, r-devel-windows-x86_64-gcc10-UCRT