CRAN Package Check Results for Package statip

Last updated on 2024-03-02 22:42:08 CET.

Flavor Version Tinstall Tcheck Ttotal Status Flags
r-devel-linux-x86_64-debian-clang 0.2.3 4.37 32.81 37.18 NOTE
r-devel-linux-x86_64-debian-gcc 0.2.3 2.91 25.30 28.21 NOTE
r-devel-linux-x86_64-fedora-clang 0.2.3 45.56 NOTE
r-devel-linux-x86_64-fedora-gcc 0.2.3 43.38 NOTE
r-devel-windows-x86_64 0.2.3 6.00 49.00 55.00 NOTE
r-patched-linux-x86_64 0.2.3 4.46 29.98 34.44 NOTE
r-release-linux-x86_64 0.2.3 4.19 29.83 34.02 NOTE
r-release-macos-arm64 0.2.3 19.00 NOTE
r-release-macos-x86_64 0.2.3 24.00 NOTE
r-release-windows-x86_64 0.2.3 7.00 54.00 61.00 NOTE
r-oldrel-macos-arm64 0.2.3 18.00 NOTE
r-oldrel-windows-x86_64 0.2.3 7.00 53.00 60.00 NOTE

Check Details

Version: 0.2.3
Check: LazyData
Result: NOTE 'LazyData' is specified without a 'data' directory Flavors: r-devel-linux-x86_64-debian-clang, r-devel-linux-x86_64-debian-gcc, r-devel-linux-x86_64-fedora-clang, r-devel-linux-x86_64-fedora-gcc, r-devel-windows-x86_64, r-patched-linux-x86_64, r-release-linux-x86_64, r-release-macos-arm64, r-release-macos-x86_64, r-release-windows-x86_64, r-oldrel-macos-arm64, r-oldrel-windows-x86_64

Version: 0.2.3
Check: Rd cross-references
Result: NOTE Undeclared package ‘distrEx’ in Rd xrefs Flavor: r-devel-linux-x86_64-fedora-clang