CRAN Package Check Results for Package statnetWeb

Last updated on 2023-06-04 23:00:13 CEST.

Flavor Version Tinstall Tcheck Ttotal Status Flags
r-devel-linux-x86_64-debian-clang 0.5.6 10.13 101.74 111.87 NOTE
r-devel-linux-x86_64-debian-gcc 0.5.6 8.52 76.00 84.52 NOTE
r-devel-linux-x86_64-fedora-clang 0.5.6 150.50 NOTE
r-devel-linux-x86_64-fedora-gcc 0.5.6 139.56 NOTE
r-devel-windows-x86_64 0.5.6 11.00 87.00 98.00 NOTE
r-patched-linux-x86_64 0.5.6 10.55 94.52 105.07 NOTE
r-release-linux-x86_64 0.5.6 11.74 95.21 106.95 NOTE
r-release-macos-arm64 0.5.6 40.00 NOTE
r-release-macos-x86_64 0.5.6 68.00 NOTE
r-release-windows-x86_64 0.5.6 15.00 106.00 121.00 NOTE
r-oldrel-macos-arm64 0.5.6 38.00 NOTE
r-oldrel-macos-x86_64 0.5.6 76.00 NOTE
r-oldrel-windows-x86_64 0.5.6 15.00 109.00 124.00 NOTE

Check Details

Version: 0.5.6
Check: LazyData
Result: NOTE
     'LazyData' is specified without a 'data' directory
Flavors: r-devel-linux-x86_64-debian-clang, r-devel-linux-x86_64-debian-gcc, r-devel-linux-x86_64-fedora-clang, r-devel-linux-x86_64-fedora-gcc, r-devel-windows-x86_64, r-patched-linux-x86_64, r-release-linux-x86_64, r-release-macos-arm64, r-release-macos-x86_64, r-release-windows-x86_64, r-oldrel-macos-arm64, r-oldrel-macos-x86_64, r-oldrel-windows-x86_64