CRAN Package Check Results for Package stats4teaching

Last updated on 2023-12-10 22:56:14 CET.

Flavor Version Tinstall Tcheck Ttotal Status Flags
r-devel-linux-x86_64-debian-clang 0.1.0 2.86 33.45 36.31 NOTE
r-devel-linux-x86_64-debian-gcc 0.1.0 2.39 25.68 28.07 NOTE
r-devel-linux-x86_64-fedora-clang 0.1.0 46.82 OK
r-devel-linux-x86_64-fedora-gcc 0.1.0 43.55 OK
r-devel-windows-x86_64 0.1.0 5.00 56.00 61.00 OK
r-patched-linux-x86_64 0.1.0 3.07 32.55 35.62 OK
r-release-linux-x86_64 0.1.0 3.53 32.56 36.09 OK
r-release-macos-arm64 0.1.0 20.00 OK
r-release-macos-x86_64 0.1.0 26.00 OK
r-release-windows-x86_64 0.1.0 6.00 57.00 63.00 OK
r-oldrel-macos-arm64 0.1.0 21.00 OK
r-oldrel-macos-x86_64 0.1.0 28.00 OK
r-oldrel-windows-x86_64 0.1.0 6.00 57.00 63.00 OK

Check Details

Version: 0.1.0
Check: Rd files
Result: NOTE checkRd: (-1) sample2indp.pow.Rd:48: Lost braces 48 | Pooled standard deviation= \code{sp} = sqrt{((n1 - 1) sigma1^2 +(n2 - 1) sigma2^2) / (n1 + n2 - 2)} | ^ Flavors: r-devel-linux-x86_64-debian-clang, r-devel-linux-x86_64-debian-gcc