CRAN Package Check Results for Package stdmod

Last updated on 2024-06-13 22:49:46 CEST.

Flavor Version Tinstall Tcheck Ttotal Status Flags
r-devel-linux-x86_64-debian-clang 0.2.10 5.73 242.28 248.01 OK
r-devel-linux-x86_64-debian-gcc 0.2.10 0.48 1.80 2.28 ERROR
r-devel-linux-x86_64-fedora-clang 0.2.10 298.04 OK
r-devel-linux-x86_64-fedora-gcc 0.2.10 299.72 OK
r-devel-windows-x86_64 0.2.10 6.00 176.00 182.00 OK
r-patched-linux-x86_64 0.2.10 11.29 226.12 237.41 OK
r-release-linux-x86_64 0.2.10 4.65 225.46 230.11 OK
r-release-macos-arm64 0.2.10 83.00 OK
r-release-macos-x86_64 0.2.10 143.00 OK
r-release-windows-x86_64 0.2.10 7.00 174.00 181.00 OK
r-oldrel-macos-arm64 0.2.10 96.00 OK
r-oldrel-macos-x86_64 0.2.10 202.00 OK
r-oldrel-windows-x86_64 0.2.10 7.00 237.00 244.00 OK

Check Details

Version: 0.2.10
Check: package dependencies
Result: ERROR Packages required but not available: 'ggplot2', 'manymome' Package suggested but not available for checking: ‘testthat’ See section ‘The DESCRIPTION file’ in the ‘Writing R Extensions’ manual. Flavor: r-devel-linux-x86_64-debian-gcc