Last updated on 2024-04-24 23:00:36 CEST.
Flavor | Version | Tinstall | Tcheck | Ttotal | Status | Flags |
---|---|---|---|---|---|---|
r-devel-linux-x86_64-debian-clang | 1.0.1 | 207.24 | 176.65 | 383.89 | OK | |
r-devel-linux-x86_64-debian-gcc | 1.0.1 | 194.61 | 132.59 | 327.20 | OK | |
r-devel-linux-x86_64-fedora-clang | 1.0.1 | 458.81 | OK | |||
r-devel-linux-x86_64-fedora-gcc | 1.0.1 | 591.88 | OK | |||
r-devel-windows-x86_64 | 1.0.1 | 157.00 | 158.00 | 315.00 | NOTE | |
r-patched-linux-x86_64 | 1.0.1 | 220.30 | 173.68 | 393.98 | OK | |
r-release-linux-x86_64 | 1.0.1 | 229.88 | 173.85 | 403.73 | OK | |
r-release-macos-arm64 | 1.0.1 | 183.00 | NOTE | |||
r-release-windows-x86_64 | 1.0.1 | 153.00 | 159.00 | 312.00 | NOTE | |
r-oldrel-macos-arm64 | 0.0.2 | 119.00 | NOTE | |||
r-oldrel-macos-x86_64 | 1.0.1 | 289.00 | NOTE | |||
r-oldrel-windows-x86_64 | 1.0.1 | 208.00 | 209.00 | 417.00 | NOTE |
Version: 1.0.1
Check: installed package size
Result: NOTE
installed size is 14.5Mb
sub-directories of 1Mb or more:
libs 13.4Mb
Flavors: r-devel-windows-x86_64, r-release-macos-arm64, r-release-windows-x86_64, r-oldrel-macos-x86_64, r-oldrel-windows-x86_64
Version: 0.0.2
Check: package dependencies
Result: NOTE
Package suggested but not available for checking: ‘INLA’
Flavor: r-oldrel-macos-arm64
Version: 0.0.2
Check: installed package size
Result: NOTE
installed size is 65.4Mb
sub-directories of 1Mb or more:
libs 64.2Mb
Flavor: r-oldrel-macos-arm64