Last updated on 2023-10-01 23:03:59 CEST.
Flavor | Version | Tinstall | Tcheck | Ttotal | Status | Flags |
---|---|---|---|---|---|---|
r-devel-linux-x86_64-debian-clang | 0.0.2 | 167.54 | 157.58 | 325.12 | NOTE | |
r-devel-linux-x86_64-debian-gcc | 1.0.0 | 153.02 | 135.27 | 288.29 | OK | |
r-devel-linux-x86_64-fedora-clang | 1.0.0 | 431.84 | OK | |||
r-devel-linux-x86_64-fedora-gcc | 1.0.0 | 288.40 | OK | |||
r-devel-windows-x86_64 | 1.0.0 | 129.00 | 162.00 | 291.00 | NOTE | |
r-patched-linux-x86_64 | 0.0.2 | 200.38 | 148.42 | 348.80 | NOTE | |
r-release-linux-x86_64 | 1.0.0 | 194.51 | 173.65 | 368.16 | OK | |
r-release-macos-arm64 | 1.0.0 | 140.00 | NOTE | |||
r-release-macos-x86_64 | 1.0.0 | 328.00 | NOTE | |||
r-release-windows-x86_64 | 1.0.0 | 167.00 | 205.00 | 372.00 | NOTE | |
r-oldrel-macos-arm64 | 0.0.2 | 119.00 | NOTE | |||
r-oldrel-macos-x86_64 | 0.0.2 | 157.00 | NOTE | |||
r-oldrel-windows-x86_64 | 0.0.2 | 152.00 | 172.00 | 324.00 | NOTE |
Version: 0.0.2
Check: package dependencies
Result: NOTE
Package suggested but not available for checking: ‘INLA’
Flavors: r-devel-linux-x86_64-debian-clang, r-patched-linux-x86_64, r-oldrel-macos-arm64, r-oldrel-macos-x86_64, r-oldrel-windows-x86_64
Version: 1.0.0
Check: installed package size
Result: NOTE
installed size is 14.5Mb
sub-directories of 1Mb or more:
libs 13.4Mb
Flavors: r-devel-windows-x86_64, r-release-macos-arm64, r-release-macos-x86_64, r-release-windows-x86_64
Version: 0.0.2
Check: installed package size
Result: NOTE
installed size is 65.4Mb
sub-directories of 1Mb or more:
libs 64.2Mb
Flavors: r-oldrel-macos-arm64, r-oldrel-macos-x86_64, r-oldrel-windows-x86_64